Last updated on 2025-02-20 14:50:49 CET.
Flavor | Version | Tinstall | Tcheck | Ttotal | Status | Flags |
---|---|---|---|---|---|---|
r-devel-linux-x86_64-debian-clang | 0.2.0 | 1.76 | 18.60 | 20.36 | OK | |
r-devel-linux-x86_64-debian-gcc | 0.2.0 | 1.39 | 15.05 | 16.44 | OK | |
r-devel-linux-x86_64-fedora-clang | 0.2.0 | 32.51 | OK | |||
r-devel-linux-x86_64-fedora-gcc | 0.2.0 | 31.06 | OK | |||
r-devel-macos-arm64 | 0.2.0 | 14.00 | OK | |||
r-devel-macos-x86_64 | 0.2.0 | 28.00 | OK | |||
r-devel-windows-x86_64 | 0.2.0 | 3.00 | 41.00 | 44.00 | OK | |
r-patched-linux-x86_64 | 0.2.0 | 1.75 | 18.00 | 19.75 | OK | |
r-release-linux-x86_64 | 0.2.0 | 1.69 | 17.58 | 19.27 | OK | |
r-release-macos-arm64 | 0.2.0 | 16.00 | OK | |||
r-release-macos-x86_64 | 0.2.0 | 23.00 | OK | |||
r-release-windows-x86_64 | 0.2.0 | 2.00 | 3.00 | 5.00 | FAIL | |
r-oldrel-macos-arm64 | 0.2.0 | 17.00 | OK | |||
r-oldrel-macos-x86_64 | 0.2.0 | 20.00 | OK | |||
r-oldrel-windows-x86_64 | 0.2.0 | 3.00 | 39.00 | 42.00 | OK |
Version: 0.2.0
Check: package dependencies
Result: FAIL
Flavor: r-release-windows-x86_64