CRAN Package Check Results for Package crosstalk

Last updated on 2025-02-21 02:52:08 CET.

Flavor Version Tinstall Tcheck Ttotal Status Flags
r-devel-linux-x86_64-debian-clang 1.2.1 4.58 27.92 32.50 NOTE
r-devel-linux-x86_64-debian-gcc 1.2.1 2.76 22.03 24.79 NOTE
r-devel-linux-x86_64-fedora-clang 1.2.1 50.87 OK
r-devel-linux-x86_64-fedora-gcc 1.2.1 48.63 OK
r-devel-macos-arm64 1.2.1 20.00 OK
r-devel-macos-x86_64 1.2.1 56.00 OK
r-devel-windows-x86_64 1.2.1 6.00 51.00 57.00 NOTE
r-patched-linux-x86_64 1.2.1 5.89 26.70 32.59 OK
r-release-linux-x86_64 1.2.1 3.58 26.74 30.32 OK
r-release-macos-arm64 1.2.1 21.00 OK
r-release-macos-x86_64 1.2.1 45.00 OK
r-release-windows-x86_64 1.2.1 6.00 50.00 56.00 OK
r-oldrel-macos-arm64 1.2.1 26.00 OK
r-oldrel-macos-x86_64 1.2.1 73.00 OK
r-oldrel-windows-x86_64 1.2.1 7.00 57.00 64.00 OK

Check Details

Version: 1.2.1
Check: Rd cross-references
Result: NOTE Found the following Rd file(s) with Rd \link{} targets missing package anchors: filter_slider.Rd: tag, HTML Please provide package anchors for all Rd \link{} targets not in the package itself and the base packages. Flavors: r-devel-linux-x86_64-debian-clang, r-devel-linux-x86_64-debian-gcc, r-devel-windows-x86_64