CRAN Package Check Results for Package crossurr

Last updated on 2025-02-20 14:50:49 CET.

Flavor Version Tinstall Tcheck Ttotal Status Flags
r-devel-linux-x86_64-debian-clang 1.1.1 10.36 78.26 88.62 OK
r-devel-linux-x86_64-debian-gcc 1.1.1 6.76 55.85 62.61 OK
r-devel-linux-x86_64-fedora-clang 1.1.1 135.57 OK
r-devel-linux-x86_64-fedora-gcc 1.1.1 125.53 OK
r-devel-macos-arm64 1.1.1 40.00 OK
r-devel-macos-x86_64 1.1.1 76.00 OK
r-devel-windows-x86_64 1.1.1 11.00 87.00 98.00 OK
r-patched-linux-x86_64 1.1.1 9.47 69.11 78.58 OK
r-release-linux-x86_64 1.1.1 10.20 70.93 81.13 OK
r-release-macos-arm64 1.1.1 40.00 OK
r-release-macos-x86_64 1.1.1 113.00 OK
r-release-windows-x86_64 1.1.1 11.00 3.00 14.00 FAIL
r-oldrel-macos-arm64 1.1.1 46.00 OK
r-oldrel-macos-x86_64 1.1.1 98.00 OK
r-oldrel-windows-x86_64 1.1.1 15.00 128.00 143.00 OK

Check Details

Version: 1.1.1
Check: package dependencies
Result: FAIL
Flavor: r-release-windows-x86_64