Last updated on 2025-02-18 02:50:33 CET.
Flavor | Version | Tinstall | Tcheck | Ttotal | Status | Flags |
---|---|---|---|---|---|---|
r-devel-linux-x86_64-debian-clang | 0.1.2 | 4.99 | 38.65 | 43.64 | NOTE | |
r-devel-linux-x86_64-debian-gcc | 0.1.2 | 3.21 | 29.08 | 32.29 | NOTE | |
r-devel-linux-x86_64-fedora-clang | 0.1.2 | 74.35 | NOTE | |||
r-devel-linux-x86_64-fedora-gcc | 0.1.2 | 63.86 | NOTE | |||
r-devel-macos-arm64 | 0.1.2 | 26.00 | OK | |||
r-devel-macos-x86_64 | 0.1.2 | 41.00 | NOTE | |||
r-devel-windows-x86_64 | 0.1.2 | 7.00 | 61.00 | 68.00 | NOTE | |
r-patched-linux-x86_64 | 0.1.2 | 4.25 | 36.09 | 40.34 | OK | |
r-release-linux-x86_64 | 0.1.2 | 4.23 | 36.18 | 40.41 | OK | |
r-release-macos-arm64 | 0.1.2 | 26.00 | OK | |||
r-release-macos-x86_64 | 0.1.2 | 44.00 | OK | |||
r-release-windows-x86_64 | 0.1.2 | 6.00 | 57.00 | 63.00 | OK | |
r-oldrel-macos-arm64 | 0.1.2 | 30.00 | OK | |||
r-oldrel-macos-x86_64 | 0.1.2 | 43.00 | OK | |||
r-oldrel-windows-x86_64 | 0.1.2 | 7.00 | 100.00 | 107.00 | OK |
Version: 0.1.2
Check: DESCRIPTION meta-information
Result: NOTE
Missing dependency on R >= 4.2.0 because package code uses the pipe
placeholder syntax added in R 4.2.0.
File(s) using such syntax:
‘helpers.R’
Flavors: r-devel-linux-x86_64-debian-clang, r-devel-linux-x86_64-debian-gcc, r-devel-linux-x86_64-fedora-clang, r-devel-linux-x86_64-fedora-gcc, r-devel-windows-x86_64
Version: 0.1.2
Check: DESCRIPTION meta-information
Result: NOTE
Missing dependency on R >= 4.1.0 because package code uses the pipe
|> or function shorthand \(...) syntax added in R 4.1.0.
File(s) using such syntax:
‘eif.R’ ‘helpers.R’ ‘make_dataset.R’ ‘permutation.R’ ‘phi.R’
‘sequential_module.R’ ‘theta.R’
Flavor: r-devel-macos-x86_64