Last updated on 2025-02-21 02:52:08 CET.
Flavor | Version | Tinstall | Tcheck | Ttotal | Status | Flags |
---|---|---|---|---|---|---|
r-devel-linux-x86_64-debian-clang | 1.1 | 30.34 | 234.22 | 264.56 | NOTE | |
r-devel-linux-x86_64-debian-gcc | 1.1 | 17.09 | 145.03 | 162.12 | NOTE | |
r-devel-linux-x86_64-fedora-clang | 1.1 | 424.64 | NOTE | |||
r-devel-linux-x86_64-fedora-gcc | 1.1 | 392.36 | NOTE | |||
r-devel-macos-arm64 | 1.1 | 84.00 | NOTE | |||
r-devel-macos-x86_64 | 1.1 | 198.00 | NOTE | |||
r-devel-windows-x86_64 | 1.1 | 25.00 | 179.00 | 204.00 | NOTE | |
r-patched-linux-x86_64 | 1.1 | 26.00 | 213.43 | 239.43 | NOTE | |
r-release-linux-x86_64 | 1.1 | 27.10 | 214.95 | 242.05 | NOTE | |
r-release-macos-arm64 | 1.1 | 85.00 | NOTE | |||
r-release-macos-x86_64 | 1.1 | 138.00 | NOTE | |||
r-release-windows-x86_64 | 1.1 | 25.00 | 180.00 | 205.00 | NOTE | |
r-oldrel-macos-arm64 | 1.1 | 89.00 | OK | |||
r-oldrel-macos-x86_64 | 1.1 | 165.00 | OK | |||
r-oldrel-windows-x86_64 | 1.1 | 31.00 | 266.00 | 297.00 | OK |
Version: 1.1
Check: Rd files
Result: NOTE
checkRd: (-1) cruts-package.Rd:21: Lost braces
21 | section{Dependencies}{
| ^
checkRd: (-1) cruts-package.Rd:21-24: Lost braces
21 | section{Dependencies}{
| ^
checkRd: (-1) cruts-package.Rd:26: Lost braces
26 | section{Citation}{
| ^
checkRd: (-1) cruts-package.Rd:26-28: Lost braces
26 | section{Citation}{
| ^
checkRd: (-1) cruts-package.Rd:30-32: Lost braces
30 | references{
| ^
Flavors: r-devel-linux-x86_64-debian-clang, r-devel-linux-x86_64-debian-gcc, r-devel-linux-x86_64-fedora-clang, r-devel-linux-x86_64-fedora-gcc, r-devel-macos-arm64, r-devel-macos-x86_64, r-devel-windows-x86_64, r-patched-linux-x86_64, r-release-linux-x86_64, r-release-macos-arm64, r-release-macos-x86_64, r-release-windows-x86_64