Last updated on 2025-05-05 14:48:56 CEST.
Flavor | Version | Tinstall | Tcheck | Ttotal | Status | Flags |
---|---|---|---|---|---|---|
r-devel-linux-x86_64-debian-clang | 0.5.1 | 24.55 | 138.68 | 163.23 | NOTE | |
r-devel-linux-x86_64-debian-gcc | 0.5.1 | 13.31 | 92.60 | 105.91 | NOTE | |
r-devel-linux-x86_64-fedora-clang | 0.5.1 | 243.22 | NOTE | |||
r-devel-linux-x86_64-fedora-gcc | 0.5.1 | 257.42 | NOTE | |||
r-devel-windows-x86_64 | 0.5.1 | 25.00 | 143.00 | 168.00 | NOTE | |
r-patched-linux-x86_64 | 0.5.1 | 19.85 | 126.81 | 146.66 | NOTE | |
r-release-linux-x86_64 | 0.5.1 | 21.93 | 127.45 | 149.38 | NOTE | |
r-release-macos-arm64 | 0.5.1 | 79.00 | NOTE | |||
r-release-macos-x86_64 | 0.5.1 | 139.00 | NOTE | |||
r-release-windows-x86_64 | 0.5.1 | 24.00 | 143.00 | 167.00 | NOTE | |
r-oldrel-macos-arm64 | 0.5.1 | 66.00 | NOTE | |||
r-oldrel-macos-x86_64 | 0.5.1 | 109.00 | NOTE | |||
r-oldrel-windows-x86_64 | 0.5.1 | 32.00 | 177.00 | 209.00 | NOTE |
Version: 0.5.1
Check: Rd files
Result: NOTE
checkRd: (-1) calculate_cell_volume.Rd:16: Lost braces; missing escapes or markup?
16 | V A real number. The volume (in angstroms^3 or angstroms^{-3})
| ^
Flavors: r-devel-linux-x86_64-debian-clang, r-devel-linux-x86_64-debian-gcc, r-devel-linux-x86_64-fedora-clang, r-devel-linux-x86_64-fedora-gcc, r-devel-windows-x86_64, r-patched-linux-x86_64, r-release-linux-x86_64, r-release-macos-arm64, r-release-macos-x86_64, r-release-windows-x86_64, r-oldrel-macos-arm64, r-oldrel-macos-x86_64, r-oldrel-windows-x86_64