Last updated on 2025-02-21 02:52:08 CET.
Flavor | Version | Tinstall | Tcheck | Ttotal | Status | Flags |
---|---|---|---|---|---|---|
r-devel-linux-x86_64-debian-clang | 2.0.3 | 7.64 | 54.57 | 62.21 | NOTE | |
r-devel-linux-x86_64-debian-gcc | 2.0.3 | 5.09 | 38.01 | 43.10 | NOTE | |
r-devel-linux-x86_64-fedora-clang | 2.0.3 | 98.34 | NOTE | |||
r-devel-linux-x86_64-fedora-gcc | 2.0.3 | 89.00 | NOTE | |||
r-devel-macos-arm64 | 2.0.3 | 32.00 | OK | |||
r-devel-macos-x86_64 | 2.0.3 | 55.00 | NOTE | |||
r-devel-windows-x86_64 | 2.0.3 | 7.00 | 69.00 | 76.00 | NOTE | |
r-patched-linux-x86_64 | 2.0.3 | 6.68 | 48.73 | 55.41 | OK | |
r-release-linux-x86_64 | 2.0.3 | 5.71 | 48.51 | 54.22 | OK | |
r-release-macos-arm64 | 2.0.3 | 29.00 | OK | |||
r-release-macos-x86_64 | 2.0.3 | 47.00 | OK | |||
r-release-windows-x86_64 | 2.0.3 | 9.00 | 66.00 | 75.00 | OK | |
r-oldrel-macos-arm64 | 2.0.3 | 33.00 | OK | |||
r-oldrel-macos-x86_64 | 2.0.3 | 52.00 | OK | |||
r-oldrel-windows-x86_64 | 2.0.3 | 10.00 | 73.00 | 83.00 | OK |
Version: 2.0.3
Check: DESCRIPTION meta-information
Result: NOTE
Missing dependency on R >= 4.1.0 because package code uses the pipe
|> or function shorthand \(...) syntax added in R 4.1.0.
File(s) using such syntax:
‘crypto_global_quotes.R’ ‘crypto_history.R’ ‘crypto_info.R’
‘crypto_listings.R’
Flavors: r-devel-linux-x86_64-debian-clang, r-devel-linux-x86_64-debian-gcc, r-devel-linux-x86_64-fedora-clang, r-devel-linux-x86_64-fedora-gcc, r-devel-macos-x86_64, r-devel-windows-x86_64