Last updated on 2025-02-21 02:52:08 CET.
Flavor | Version | Tinstall | Tcheck | Ttotal | Status | Flags |
---|---|---|---|---|---|---|
r-devel-linux-x86_64-debian-clang | 1.3.2 | 9.10 | 102.47 | 111.57 | OK | |
r-devel-linux-x86_64-debian-gcc | 1.3.2 | 6.44 | 74.37 | 80.81 | OK | |
r-devel-linux-x86_64-fedora-clang | 1.3.2 | 182.78 | OK | |||
r-devel-linux-x86_64-fedora-gcc | 1.3.2 | 178.35 | OK | |||
r-devel-macos-arm64 | 1.3.2 | 65.00 | OK | |||
r-devel-macos-x86_64 | 1.3.2 | 102.00 | OK | |||
r-devel-windows-x86_64 | 1.3.2 | 12.00 | 125.00 | 137.00 | OK | |
r-patched-linux-x86_64 | 1.3.2 | 11.26 | 94.85 | 106.11 | OK | |
r-release-linux-x86_64 | 1.3.2 | 9.20 | 93.44 | 102.64 | OK | |
r-release-macos-arm64 | 1.3.2 | 70.00 | NOTE | |||
r-release-macos-x86_64 | 1.3.2 | 103.00 | NOTE | |||
r-release-windows-x86_64 | 1.3.2 | 13.00 | 124.00 | 137.00 | NOTE | |
r-oldrel-macos-arm64 | 1.3.2 | 65.00 | NOTE | |||
r-oldrel-macos-x86_64 | 1.3.2 | 95.00 | NOTE | |||
r-oldrel-windows-x86_64 | 1.3.2 | 15.00 | 160.00 | 175.00 | NOTE |
Version: 1.3.2
Check: installed package size
Result: NOTE
installed size is 13.1Mb
sub-directories of 1Mb or more:
doc 11.7Mb
help 1.2Mb
Flavors: r-release-macos-arm64, r-release-macos-x86_64, r-release-windows-x86_64, r-oldrel-macos-arm64, r-oldrel-macos-x86_64, r-oldrel-windows-x86_64