CRAN Package Check Results for Package ctbi

Last updated on 2025-02-20 14:50:49 CET.

Flavor Version Tinstall Tcheck Ttotal Status Flags
r-devel-linux-x86_64-debian-clang 2.0.5 3.03 31.14 34.17 OK
r-devel-linux-x86_64-debian-gcc 2.0.5 2.81 23.32 26.13 OK
r-devel-linux-x86_64-fedora-clang 2.0.5 55.75 OK
r-devel-linux-x86_64-fedora-gcc 2.0.5 49.09 OK
r-devel-macos-arm64 2.0.5 18.00 OK
r-devel-macos-x86_64 2.0.5 33.00 OK
r-devel-windows-x86_64 2.0.5 4.00 55.00 59.00 OK
r-patched-linux-x86_64 2.0.5 3.40 27.75 31.15 OK
r-release-linux-x86_64 2.0.5 3.43 27.68 31.11 OK
r-release-macos-arm64 2.0.5 20.00 OK
r-release-macos-x86_64 2.0.5 31.00 OK
r-release-windows-x86_64 2.0.5 4.00 3.00 7.00 FAIL
r-oldrel-macos-arm64 2.0.5 22.00 OK
r-oldrel-macos-x86_64 2.0.5 29.00 OK
r-oldrel-windows-x86_64 2.0.5 4.00 52.00 56.00 OK

Check Details

Version: 2.0.5
Check: package dependencies
Result: FAIL
Flavor: r-release-windows-x86_64