CRAN Package Check Results for Package cubble

Last updated on 2025-02-18 02:50:33 CET.

Flavor Version Tinstall Tcheck Ttotal Status Flags
r-devel-linux-x86_64-debian-clang 1.0.0 10.36 153.18 163.54 NOTE
r-devel-linux-x86_64-debian-gcc 1.0.0 6.41 103.73 110.14 NOTE
r-devel-linux-x86_64-fedora-clang 1.0.0 271.83 NOTE
r-devel-linux-x86_64-fedora-gcc 1.0.0 263.70 NOTE
r-devel-macos-arm64 1.0.0 86.00 OK
r-devel-macos-x86_64 1.0.0 174.00 NOTE
r-devel-windows-x86_64 1.0.0 13.00 156.00 169.00 NOTE
r-patched-linux-x86_64 1.0.0 10.29 139.90 150.19 OK
r-release-linux-x86_64 1.0.0 10.76 141.55 152.31 OK
r-release-macos-arm64 1.0.0 87.00 OK
r-release-macos-x86_64 1.0.0 194.00 NOTE
r-release-windows-x86_64 1.0.0 13.00 156.00 169.00 OK
r-oldrel-macos-arm64 1.0.0 181.00 OK
r-oldrel-macos-x86_64 1.0.0 192.00 OK
r-oldrel-windows-x86_64 1.0.0 18.00 188.00 206.00 OK

Check Details

Version: 1.0.0
Check: DESCRIPTION meta-information
Result: NOTE Missing dependency on R >= 4.1.0 because package code uses the pipe |> or function shorthand \(...) syntax added in R 4.1.0. File(s) using such syntax: ‘as-cubble.R’ ‘check-key.R’ ‘cubble-attrs.R’ ‘cubble-class.R’ ‘cubble-print.R’ ‘dplyr.R’ ‘face-spatial-temporal.R’ ‘glyph.R’ ‘matching.R’ ‘netcdf.R’ ‘sf.R’ ‘tsibble.R’ ‘unfold.R’ Flavors: r-devel-linux-x86_64-debian-clang, r-devel-linux-x86_64-debian-gcc, r-devel-linux-x86_64-fedora-clang, r-devel-linux-x86_64-fedora-gcc, r-devel-macos-x86_64, r-devel-windows-x86_64

Version: 1.0.0
Check: installed package size
Result: NOTE installed size is 5.6Mb sub-directories of 1Mb or more: data 3.1Mb doc 1.3Mb Flavor: r-release-macos-x86_64