Last updated on 2025-02-21 02:52:09 CET.
Flavor | Version | Tinstall | Tcheck | Ttotal | Status | Flags |
---|---|---|---|---|---|---|
r-devel-linux-x86_64-debian-clang | 0.3.0 | 7.62 | 81.54 | 89.16 | NOTE | |
r-devel-linux-x86_64-debian-gcc | 0.3.0 | 5.51 | 58.98 | 64.49 | NOTE | |
r-devel-linux-x86_64-fedora-clang | 0.3.0 | 148.46 | OK | |||
r-devel-linux-x86_64-fedora-gcc | 0.3.0 | 155.18 | OK | |||
r-devel-macos-arm64 | 0.3.0 | 48.00 | OK | |||
r-devel-macos-x86_64 | 0.3.0 | 102.00 | OK | |||
r-devel-windows-x86_64 | 0.3.0 | 8.00 | 94.00 | 102.00 | NOTE | |
r-patched-linux-x86_64 | 0.3.0 | 7.67 | 76.28 | 83.95 | OK | |
r-release-linux-x86_64 | 0.3.0 | 6.00 | 76.98 | 82.98 | OK | |
r-release-macos-arm64 | 0.3.0 | 47.00 | OK | |||
r-release-macos-x86_64 | 0.3.0 | 74.00 | OK | |||
r-release-windows-x86_64 | 0.3.0 | 8.00 | 93.00 | 101.00 | OK | |
r-oldrel-macos-arm64 | 0.3.0 | 59.00 | OK | |||
r-oldrel-macos-x86_64 | 0.3.0 | 133.00 | OK | |||
r-oldrel-windows-x86_64 | 0.3.0 | 8.00 | 132.00 | 140.00 | OK |
Version: 0.3.0
Check: Rd cross-references
Result: NOTE
Found the following Rd file(s) with Rd \link{} targets missing package
anchors:
Survcure.Rd: Surv
Please provide package anchors for all Rd \link{} targets not in the
package itself and the base packages.
Flavors: r-devel-linux-x86_64-debian-clang, r-devel-linux-x86_64-debian-gcc, r-devel-windows-x86_64