Last updated on 2025-02-21 02:52:09 CET.
Flavor | Version | Tinstall | Tcheck | Ttotal | Status | Flags |
---|---|---|---|---|---|---|
r-devel-linux-x86_64-debian-clang | 1.1.1 | 1.79 | 22.96 | 24.75 | NOTE | |
r-devel-linux-x86_64-debian-gcc | 1.1.1 | 1.48 | 18.10 | 19.58 | NOTE | |
r-devel-linux-x86_64-fedora-clang | 1.1.1 | 38.54 | NOTE | |||
r-devel-linux-x86_64-fedora-gcc | 1.1.1 | 37.04 | NOTE | |||
r-devel-macos-arm64 | 1.1.1 | 17.00 | OK | |||
r-devel-macos-x86_64 | 1.1.1 | 29.00 | NOTE | |||
r-devel-windows-x86_64 | 1.1.1 | 4.00 | 45.00 | 49.00 | NOTE | |
r-patched-linux-x86_64 | 1.1.1 | 1.85 | 21.79 | 23.64 | OK | |
r-release-linux-x86_64 | 1.1.1 | 1.69 | 21.52 | 23.21 | OK | |
r-release-macos-arm64 | 1.1.1 | 18.00 | OK | |||
r-release-macos-x86_64 | 1.1.1 | 28.00 | OK | |||
r-release-windows-x86_64 | 1.1.1 | 3.00 | 44.00 | 47.00 | OK | |
r-oldrel-macos-arm64 | 1.1.1 | 22.00 | OK | |||
r-oldrel-macos-x86_64 | 1.1.1 | 31.00 | OK | |||
r-oldrel-windows-x86_64 | 1.1.1 | 4.00 | 49.00 | 53.00 | OK |
Version: 1.1.1
Check: DESCRIPTION meta-information
Result: NOTE
Missing dependency on R >= 4.1.0 because package code uses the pipe
|> or function shorthand \(...) syntax added in R 4.1.0.
File(s) using such syntax:
‘create_cure_dataframe.R’ ‘cure_plot.R’ ‘resample_residuals.R’
Flavors: r-devel-linux-x86_64-debian-clang, r-devel-linux-x86_64-debian-gcc, r-devel-linux-x86_64-fedora-clang, r-devel-linux-x86_64-fedora-gcc, r-devel-macos-x86_64, r-devel-windows-x86_64