Last updated on 2024-05-21 14:57:06 CEST.
Flavor | Version | Tinstall | Tcheck | Ttotal | Status | Flags |
---|---|---|---|---|---|---|
r-devel-linux-x86_64-debian-clang | 0.1.0 | 7.74 | 68.52 | 76.26 | NOTE | |
r-devel-linux-x86_64-debian-gcc | 0.1.0 | 6.10 | 52.17 | 58.27 | NOTE | |
r-devel-linux-x86_64-fedora-clang | 0.1.0 | 99.89 | NOTE | |||
r-devel-linux-x86_64-fedora-gcc | 0.1.0 | 91.67 | NOTE | |||
r-devel-windows-x86_64 | 0.1.0 | 7.00 | 66.00 | 73.00 | NOTE | |
r-patched-linux-x86_64 | 0.1.0 | 8.51 | 64.27 | 72.78 | NOTE | |
r-release-linux-x86_64 | 0.1.0 | 8.68 | 65.30 | 73.98 | NOTE | |
r-release-macos-arm64 | 0.1.0 | 30.00 | NOTE | |||
r-release-windows-x86_64 | 0.1.0 | 7.00 | 67.00 | 74.00 | NOTE | |
r-oldrel-macos-arm64 | 0.1.0 | 33.00 | NOTE | |||
r-oldrel-macos-x86_64 | 0.1.0 | 53.00 | NOTE | |||
r-oldrel-windows-x86_64 | 0.1.0 | 10.00 | 77.00 | 87.00 | NOTE |
Version: 0.1.0
Check: LazyData
Result: NOTE
'LazyData' is specified without a 'data' directory
Flavors: r-devel-linux-x86_64-debian-clang, r-devel-linux-x86_64-debian-gcc, r-devel-linux-x86_64-fedora-clang, r-devel-linux-x86_64-fedora-gcc, r-devel-windows-x86_64, r-patched-linux-x86_64, r-release-linux-x86_64, r-release-macos-arm64, r-release-windows-x86_64, r-oldrel-macos-arm64, r-oldrel-macos-x86_64, r-oldrel-windows-x86_64
Version: 0.1.0
Check: for non-standard things in the check directory
Result: NOTE
Found the following files/directories:
‘Adjusted_p_values.pdf’ ‘Effect_Size_Curves.pdf’
‘Mean_Difference_Curves.pdf’
Flavors: r-devel-linux-x86_64-debian-clang, r-devel-linux-x86_64-debian-gcc, r-devel-linux-x86_64-fedora-clang, r-devel-linux-x86_64-fedora-gcc, r-patched-linux-x86_64, r-release-linux-x86_64