Last updated on 2025-02-21 02:52:09 CET.
Flavor | Version | Tinstall | Tcheck | Ttotal | Status | Flags |
---|---|---|---|---|---|---|
r-devel-linux-x86_64-debian-clang | 1.0.4 | 93.00 | 30.59 | 123.59 | OK | |
r-devel-linux-x86_64-debian-gcc | 1.0.4 | 76.39 | 29.78 | 106.17 | OK | |
r-devel-linux-x86_64-fedora-clang | 1.0.4 | 224.21 | OK | |||
r-devel-linux-x86_64-fedora-gcc | 1.0.4 | 244.74 | OK | |||
r-devel-macos-arm64 | 1.0.4 | 52.00 | OK | |||
r-devel-macos-x86_64 | 1.0.4 | 100.00 | OK | |||
r-devel-windows-x86_64 | 1.0.4 | 104.00 | 78.00 | 182.00 | OK | |
r-patched-linux-x86_64 | 1.0.4 | 103.80 | 37.65 | 141.45 | NOTE | |
r-release-linux-x86_64 | 1.0.4 | 104.26 | 38.04 | 142.30 | NOTE | |
r-release-macos-arm64 | 1.0.4 | 45.00 | NOTE | |||
r-release-macos-x86_64 | 1.0.4 | 58.00 | NOTE | |||
r-release-windows-x86_64 | 1.0.4 | 103.00 | 76.00 | 179.00 | NOTE | |
r-oldrel-macos-arm64 | 1.0.4 | 60.00 | NOTE | |||
r-oldrel-macos-x86_64 | 1.0.4 | 130.00 | NOTE | |||
r-oldrel-windows-x86_64 | 1.0.4 | 133.00 | 88.00 | 221.00 | NOTE |
Version: 1.0.4
Check: for GNU extensions in Makefiles
Result: NOTE
GNU make is a SystemRequirements.
Flavors: r-patched-linux-x86_64, r-release-linux-x86_64, r-release-macos-arm64, r-release-macos-x86_64, r-release-windows-x86_64, r-oldrel-macos-arm64, r-oldrel-macos-x86_64, r-oldrel-windows-x86_64
Version: 1.0.4
Check: installed package size
Result: NOTE
installed size is 37.4Mb
sub-directories of 1Mb or more:
libs 37.3Mb
Flavors: r-release-macos-arm64, r-release-macos-x86_64, r-oldrel-macos-arm64, r-oldrel-macos-x86_64