Last updated on 2025-02-21 02:52:09 CET.
Flavor | Version | Tinstall | Tcheck | Ttotal | Status | Flags |
---|---|---|---|---|---|---|
r-devel-linux-x86_64-debian-clang | 0.2.2 | 7.42 | 114.49 | 121.91 | OK | |
r-devel-linux-x86_64-debian-gcc | 0.2.2 | 5.55 | 82.44 | 87.99 | OK | |
r-devel-linux-x86_64-fedora-clang | 0.2.2 | 191.83 | OK | |||
r-devel-linux-x86_64-fedora-gcc | 0.2.2 | 196.53 | OK | |||
r-devel-macos-arm64 | 0.2.2 | 62.00 | OK | |||
r-devel-macos-x86_64 | 0.2.2 | 125.00 | OK | |||
r-devel-windows-x86_64 | 0.2.2 | 8.00 | 117.00 | 125.00 | OK | |
r-patched-linux-x86_64 | 0.2.2 | 6.86 | 107.15 | 114.01 | NOTE | |
r-release-linux-x86_64 | 0.2.2 | 5.07 | 107.71 | 112.78 | NOTE | |
r-release-macos-arm64 | 0.2.2 | 55.00 | NOTE | |||
r-release-macos-x86_64 | 0.2.2 | 89.00 | NOTE | |||
r-release-windows-x86_64 | 0.2.2 | 8.00 | 114.00 | 122.00 | NOTE | |
r-oldrel-macos-arm64 | 0.2.2 | 65.00 | NOTE | |||
r-oldrel-macos-x86_64 | 0.2.2 | 108.00 | NOTE | |||
r-oldrel-windows-x86_64 | 0.2.2 | 12.00 | 136.00 | 148.00 | NOTE |
Version: 0.2.2
Check: LazyData
Result: NOTE
'LazyData' is specified without a 'data' directory
Flavors: r-patched-linux-x86_64, r-release-linux-x86_64, r-release-macos-arm64, r-release-macos-x86_64, r-release-windows-x86_64, r-oldrel-macos-arm64, r-oldrel-macos-x86_64, r-oldrel-windows-x86_64