Last updated on 2024-05-21 14:57:06 CEST.
Flavor | Version | Tinstall | Tcheck | Ttotal | Status | Flags |
---|---|---|---|---|---|---|
r-devel-linux-x86_64-debian-clang | 3.1.0 | 3.07 | 41.20 | 44.27 | NOTE | |
r-devel-linux-x86_64-debian-gcc | 3.1.0 | 2.72 | 30.67 | 33.39 | NOTE | |
r-devel-linux-x86_64-fedora-clang | 3.1.0 | 59.26 | NOTE | |||
r-devel-linux-x86_64-fedora-gcc | 3.1.0 | 65.43 | NOTE | |||
r-devel-windows-x86_64 | 3.1.0 | 4.00 | 57.00 | 61.00 | NOTE | |
r-patched-linux-x86_64 | 3.1.0 | 2.41 | 39.82 | 42.23 | NOTE | |
r-release-linux-x86_64 | 3.1.0 | 2.78 | 38.95 | 41.73 | NOTE | |
r-release-macos-arm64 | 3.1.0 | 26.00 | NOTE | |||
r-release-windows-x86_64 | 3.1.0 | 5.00 | 57.00 | 62.00 | NOTE | |
r-oldrel-macos-arm64 | 3.1.0 | 26.00 | NOTE | |||
r-oldrel-macos-x86_64 | 3.1.0 | 41.00 | NOTE | |||
r-oldrel-windows-x86_64 | 3.1.0 | 5.00 | 59.00 | 64.00 | NOTE |
Version: 3.1.0
Check: LazyData
Result: NOTE
'LazyData' is specified without a 'data' directory
Flavors: r-devel-linux-x86_64-debian-clang, r-devel-linux-x86_64-debian-gcc, r-devel-linux-x86_64-fedora-clang, r-devel-linux-x86_64-fedora-gcc, r-devel-windows-x86_64, r-patched-linux-x86_64, r-release-linux-x86_64, r-release-macos-arm64, r-release-windows-x86_64, r-oldrel-macos-arm64, r-oldrel-macos-x86_64, r-oldrel-windows-x86_64