Last updated on 2025-02-21 02:52:09 CET.
Flavor | Version | Tinstall | Tcheck | Ttotal | Status | Flags |
---|---|---|---|---|---|---|
r-devel-linux-x86_64-debian-clang | 0.0.2.1 | 21.61 | 170.27 | 191.88 | NOTE | |
r-devel-linux-x86_64-debian-gcc | 0.0.2.1 | 16.89 | 127.54 | 144.43 | NOTE | |
r-devel-linux-x86_64-fedora-clang | 0.0.2.1 | 315.50 | OK | |||
r-devel-linux-x86_64-fedora-gcc | 0.0.2.1 | 300.29 | OK | |||
r-devel-macos-arm64 | 0.0.2.1 | 133.00 | OK | |||
r-devel-macos-x86_64 | 0.0.2.1 | 157.00 | OK | |||
r-devel-windows-x86_64 | 0.0.2.1 | 20.00 | 145.00 | 165.00 | NOTE | |
r-patched-linux-x86_64 | 0.0.2.1 | 27.58 | 157.35 | 184.93 | OK | |
r-release-linux-x86_64 | 0.0.2.1 | 19.95 | 161.25 | 181.20 | OK | |
r-release-macos-arm64 | 0.0.2.1 | 118.00 | OK | |||
r-release-macos-x86_64 | 0.0.2.1 | 126.00 | OK | |||
r-release-windows-x86_64 | 0.0.2.1 | 20.00 | 142.00 | 162.00 | OK | |
r-oldrel-macos-arm64 | 0.0.2.1 | 82.00 | OK | |||
r-oldrel-macos-x86_64 | 0.0.2.1 | 140.00 | OK | |||
r-oldrel-windows-x86_64 | 0.0.2.1 | 29.00 | 172.00 | 201.00 | OK |
Version: 0.0.2.1
Check: Rd cross-references
Result: NOTE
Found the following Rd file(s) with Rd \link{} targets missing package
anchors:
dbcsp-class.Rd: TSDatabaseDistances, parallelDist
predict.dbcsp.Rd: predict.lda
Please provide package anchors for all Rd \link{} targets not in the
package itself and the base packages.
Flavors: r-devel-linux-x86_64-debian-clang, r-devel-linux-x86_64-debian-gcc, r-devel-windows-x86_64