Last updated on 2025-02-20 14:50:49 CET.
Flavor | Version | Tinstall | Tcheck | Ttotal | Status | Flags |
---|---|---|---|---|---|---|
r-devel-linux-x86_64-debian-clang | 0.3.2 | 2.21 | 25.88 | 28.09 | OK | |
r-devel-linux-x86_64-debian-gcc | 0.3.2 | 1.90 | 19.80 | 21.70 | OK | |
r-devel-linux-x86_64-fedora-clang | 0.3.2 | 45.70 | OK | |||
r-devel-linux-x86_64-fedora-gcc | 0.3.2 | 42.62 | OK | |||
r-devel-macos-arm64 | 0.3.2 | 19.00 | OK | |||
r-devel-macos-x86_64 | 0.3.2 | 43.00 | OK | |||
r-devel-windows-x86_64 | 0.3.2 | 3.00 | 47.00 | 50.00 | OK | |
r-patched-linux-x86_64 | 0.3.2 | 2.07 | 24.78 | 26.85 | OK | |
r-release-linux-x86_64 | 0.3.2 | 2.16 | 25.04 | 27.20 | OK | |
r-release-macos-arm64 | 0.3.2 | 18.00 | OK | |||
r-release-macos-x86_64 | 0.3.2 | 35.00 | OK | |||
r-release-windows-x86_64 | 0.3.2 | 3.00 | 3.00 | 6.00 | FAIL | |
r-oldrel-macos-arm64 | 0.3.2 | 27.00 | OK | |||
r-oldrel-macos-x86_64 | 0.3.2 | 45.00 | OK | |||
r-oldrel-windows-x86_64 | 0.3.2 | 4.00 | 63.00 | 67.00 | OK |
Version: 0.3.2
Check: package dependencies
Result: FAIL
Flavor: r-release-windows-x86_64