Last updated on 2025-02-20 14:50:49 CET.
Flavor | Version | Tinstall | Tcheck | Ttotal | Status | Flags |
---|---|---|---|---|---|---|
r-devel-linux-x86_64-debian-clang | 1.3.16 | 103.30 | 107.62 | 210.92 | OK | |
r-devel-linux-x86_64-debian-gcc | 1.3.16 | 68.89 | 75.35 | 144.24 | OK | |
r-devel-linux-x86_64-fedora-clang | 1.3.16 | 398.75 | OK | |||
r-devel-linux-x86_64-fedora-gcc | 1.3.16 | 355.91 | OK | |||
r-devel-macos-arm64 | 1.3.16 | 86.00 | OK | |||
r-devel-macos-x86_64 | 1.3.16 | 133.00 | OK | |||
r-devel-windows-x86_64 | 1.3.16 | 114.00 | 161.00 | 275.00 | OK | |
r-patched-linux-x86_64 | 1.3.16 | 102.24 | 102.53 | 204.77 | OK | |
r-release-linux-x86_64 | 1.3.16 | 99.09 | 101.73 | 200.82 | OK | |
r-release-macos-arm64 | 1.3.16 | 83.00 | OK | |||
r-release-macos-x86_64 | 1.3.16 | 145.00 | OK | |||
r-release-windows-x86_64 | 1.3.16 | 118.00 | 3.00 | 121.00 | FAIL | |
r-oldrel-macos-arm64 | 1.3.16 | 91.00 | OK | |||
r-oldrel-macos-x86_64 | 1.3.16 | 142.00 | OK | |||
r-oldrel-windows-x86_64 | 1.3.16 | 143.00 | 183.00 | 326.00 | OK |
Version: 1.3.16
Check: package dependencies
Result: FAIL
Flavor: r-release-windows-x86_64