Last updated on 2025-02-21 02:52:09 CET.
Flavor | Version | Tinstall | Tcheck | Ttotal | Status | Flags |
---|---|---|---|---|---|---|
r-devel-linux-x86_64-debian-clang | 1.15.2 | 7.03 | 170.42 | 177.45 | NOTE | |
r-devel-linux-x86_64-debian-gcc | 1.15.2 | 4.90 | 124.71 | 129.61 | NOTE | |
r-devel-linux-x86_64-fedora-clang | 1.15.2 | 276.92 | NOTE | |||
r-devel-linux-x86_64-fedora-gcc | 1.15.2 | 279.25 | NOTE | |||
r-devel-macos-arm64 | 1.15.2 | 92.00 | NOTE | |||
r-devel-macos-x86_64 | 1.15.2 | 168.00 | NOTE | |||
r-devel-windows-x86_64 | 1.15.2 | 12.00 | 306.00 | 318.00 | NOTE | |
r-patched-linux-x86_64 | 1.15.2 | 9.11 | 160.99 | 170.10 | NOTE | |
r-release-linux-x86_64 | 1.15.2 | 6.25 | 160.76 | 167.01 | NOTE | |
r-release-macos-arm64 | 1.15.2 | 83.00 | NOTE | |||
r-release-macos-x86_64 | 1.15.2 | 183.00 | NOTE | |||
r-release-windows-x86_64 | 1.15.2 | 9.00 | 275.00 | 284.00 | NOTE | |
r-oldrel-macos-arm64 | 1.15.2 | 91.00 | OK | |||
r-oldrel-macos-x86_64 | 1.15.2 | 196.00 | OK | |||
r-oldrel-windows-x86_64 | 1.15.2 | 12.00 | 315.00 | 327.00 | OK |
Version: 1.15.2
Check: Rd files
Result: NOTE
checkRd: (-1) plot.ddpcr_plate.Rd:136-137: Lost braces in \itemize; meant \describe ?
checkRd: (-1) plot.ddpcr_plate.Rd:138-139: Lost braces in \itemize; meant \describe ?
checkRd: (-1) plot.ddpcr_plate.Rd:140-141: Lost braces in \itemize; meant \describe ?
Flavors: r-devel-linux-x86_64-debian-clang, r-devel-linux-x86_64-debian-gcc, r-devel-linux-x86_64-fedora-clang, r-devel-linux-x86_64-fedora-gcc, r-devel-macos-arm64, r-devel-macos-x86_64, r-devel-windows-x86_64, r-patched-linux-x86_64, r-release-linux-x86_64, r-release-macos-arm64, r-release-macos-x86_64, r-release-windows-x86_64
Version: 1.15.2
Check: dependencies in R code
Result: NOTE
Namespace in Imports field not imported from: ‘shinydisconnect’
All declared Imports should be used.
Flavors: r-devel-linux-x86_64-fedora-clang, r-devel-linux-x86_64-fedora-gcc