Last updated on 2025-05-13 02:50:50 CEST.
Flavor | Version | Tinstall | Tcheck | Ttotal | Status | Flags |
---|---|---|---|---|---|---|
r-devel-linux-x86_64-debian-clang | 1.40 | 46.37 | 119.41 | 165.78 | NOTE | |
r-devel-linux-x86_64-debian-gcc | 1.40 | 26.53 | 79.92 | 106.45 | NOTE | |
r-devel-linux-x86_64-fedora-clang | 1.40 | 257.54 | OK | |||
r-devel-linux-x86_64-fedora-gcc | 1.40 | 269.38 | OK | |||
r-devel-windows-x86_64 | 1.40 | 54.00 | 183.00 | 237.00 | OK | |
r-patched-linux-x86_64 | 1.40 | 37.91 | 112.31 | 150.22 | NOTE | |
r-release-linux-x86_64 | 1.40 | 32.52 | 112.26 | 144.78 | NOTE | |
r-release-macos-arm64 | 1.40 | 81.00 | OK | |||
r-release-macos-x86_64 | 1.40 | 132.00 | OK | |||
r-release-windows-x86_64 | 1.40 | 54.00 | 179.00 | 233.00 | OK | |
r-oldrel-macos-arm64 | 1.40 | 79.00 | OK | |||
r-oldrel-macos-x86_64 | 1.40 | 100.00 | OK | |||
r-oldrel-windows-x86_64 | 1.40 | 57.00 | 198.00 | 255.00 | OK |
Version: 1.40
Check: for unstated dependencies in ‘demo’
Result: NOTE
'library' or 'require' call not declared from: ‘nlme’
Flavors: r-devel-linux-x86_64-debian-clang, r-devel-linux-x86_64-debian-gcc, r-patched-linux-x86_64, r-release-linux-x86_64