Last updated on 2025-02-21 02:52:09 CET.
Flavor | Version | Tinstall | Tcheck | Ttotal | Status | Flags |
---|---|---|---|---|---|---|
r-devel-linux-x86_64-debian-clang | 0.0.1 | 1.75 | 20.78 | 22.53 | OK | |
r-devel-linux-x86_64-debian-gcc | 0.0.1 | 1.47 | 16.84 | 18.31 | OK | |
r-devel-linux-x86_64-fedora-clang | 0.0.1 | 36.43 | OK | |||
r-devel-linux-x86_64-fedora-gcc | 0.0.1 | 48.51 | OK | |||
r-devel-macos-arm64 | 0.0.1 | 22.00 | OK | |||
r-devel-macos-x86_64 | 0.0.1 | 40.00 | OK | |||
r-devel-windows-x86_64 | 0.0.1 | 3.00 | 49.00 | 52.00 | OK | |
r-patched-linux-x86_64 | 0.0.1 | 1.74 | 20.07 | 21.81 | NOTE | |
r-release-linux-x86_64 | 0.0.1 | 1.59 | 20.00 | 21.59 | NOTE | |
r-release-macos-arm64 | 0.0.1 | 22.00 | NOTE | |||
r-release-macos-x86_64 | 0.0.1 | 33.00 | NOTE | |||
r-release-windows-x86_64 | 0.0.1 | 3.00 | 48.00 | 51.00 | NOTE | |
r-oldrel-macos-arm64 | 0.0.1 | 23.00 | NOTE | |||
r-oldrel-macos-x86_64 | 0.0.1 | 31.00 | NOTE | |||
r-oldrel-windows-x86_64 | 0.0.1 | 3.00 | 41.00 | 44.00 | NOTE |
Version: 0.0.1
Check: LazyData
Result: NOTE
'LazyData' is specified without a 'data' directory
Flavors: r-patched-linux-x86_64, r-release-linux-x86_64, r-release-macos-arm64, r-release-macos-x86_64, r-release-windows-x86_64, r-oldrel-macos-arm64, r-oldrel-macos-x86_64, r-oldrel-windows-x86_64