Last updated on 2024-05-21 14:57:08 CEST.
Flavor | Version | Tinstall | Tcheck | Ttotal | Status | Flags |
---|---|---|---|---|---|---|
r-devel-linux-x86_64-debian-clang | 1.2 | 4.08 | 28.19 | 32.27 | OK | |
r-devel-linux-x86_64-debian-gcc | 1.2 | 2.86 | 22.13 | 24.99 | OK | |
r-devel-linux-x86_64-fedora-clang | 1.2 | 44.14 | NOTE | |||
r-devel-linux-x86_64-fedora-gcc | 1.2 | 56.64 | OK | |||
r-devel-windows-x86_64 | 1.2 | 5.00 | 45.00 | 50.00 | OK | |
r-patched-linux-x86_64 | 1.2 | 3.56 | 27.08 | 30.64 | OK | |
r-release-linux-x86_64 | 1.2 | 4.45 | 27.42 | 31.87 | OK | |
r-release-macos-arm64 | 1.2 | 24.00 | OK | |||
r-release-windows-x86_64 | 1.2 | 4.00 | 44.00 | 48.00 | OK | |
r-oldrel-macos-arm64 | 1.2 | 26.00 | OK | |||
r-oldrel-macos-x86_64 | 1.2 | 37.00 | OK | |||
r-oldrel-windows-x86_64 | 1.2 | 5.00 | 44.00 | 49.00 | OK |
Version: 1.2
Check: installed package size
Result: NOTE
installed size is 5.0Mb
sub-directories of 1Mb or more:
extdata 4.8Mb
Flavor: r-devel-linux-x86_64-fedora-clang