Last updated on 2025-02-18 02:50:34 CET.
Flavor | Version | Tinstall | Tcheck | Ttotal | Status | Flags |
---|---|---|---|---|---|---|
r-devel-linux-x86_64-debian-clang | 1.2-1 | 2.09 | 156.85 | 158.94 | NOTE | |
r-devel-linux-x86_64-debian-gcc | 1.2-1 | 1.52 | 120.45 | 121.97 | NOTE | |
r-devel-linux-x86_64-fedora-clang | 1.2-1 | 302.15 | NOTE | |||
r-devel-linux-x86_64-fedora-gcc | 1.2-1 | 325.56 | NOTE | |||
r-devel-macos-arm64 | 1.2-1 | 116.00 | NOTE | |||
r-devel-macos-x86_64 | 1.2-1 | 218.00 | NOTE | |||
r-devel-windows-x86_64 | 1.2-1 | 3.00 | 209.00 | 212.00 | NOTE | |
r-patched-linux-x86_64 | 1.2-1 | 1.89 | 168.53 | 170.42 | NOTE | |
r-release-linux-x86_64 | 1.2-1 | 1.69 | 169.51 | 171.20 | NOTE | |
r-release-macos-arm64 | 1.2-1 | 114.00 | NOTE | |||
r-release-macos-x86_64 | 1.2-1 | 176.00 | NOTE | |||
r-release-windows-x86_64 | 1.2-1 | 4.00 | 227.00 | 231.00 | NOTE | |
r-oldrel-macos-arm64 | 1.2-1 | 121.00 | OK | |||
r-oldrel-macos-x86_64 | 1.2-1 | 194.00 | OK | |||
r-oldrel-windows-x86_64 | 1.2-1 | 3.00 | 218.00 | 221.00 | OK |
Version: 1.2-1
Check: Rd files
Result: NOTE
checkRd: (-1) deconv.Rd:85: Lost braces; missing escapes or markup?
85 | \code{tg}, std. error of \eqn{g}, \eqn{G} (the cdf of {g}),
| ^
Flavors: r-devel-linux-x86_64-debian-clang, r-devel-linux-x86_64-debian-gcc, r-devel-linux-x86_64-fedora-clang, r-devel-linux-x86_64-fedora-gcc, r-devel-macos-arm64, r-devel-macos-x86_64, r-devel-windows-x86_64, r-patched-linux-x86_64, r-release-linux-x86_64, r-release-macos-arm64, r-release-macos-x86_64, r-release-windows-x86_64