Last updated on 2025-02-20 14:50:49 CET.
Flavor | Version | Tinstall | Tcheck | Ttotal | Status | Flags |
---|---|---|---|---|---|---|
r-devel-linux-x86_64-debian-clang | 0.2.0 | 1.58 | 18.99 | 20.57 | OK | |
r-devel-linux-x86_64-debian-gcc | 0.2.0 | 1.37 | 15.74 | 17.11 | OK | |
r-devel-linux-x86_64-fedora-clang | 0.2.0 | 32.38 | OK | |||
r-devel-linux-x86_64-fedora-gcc | 0.2.0 | 30.63 | OK | |||
r-devel-macos-arm64 | 0.2.0 | 16.00 | OK | |||
r-devel-macos-x86_64 | 0.2.0 | 24.00 | OK | |||
r-devel-windows-x86_64 | 0.2.0 | 2.00 | 47.00 | 49.00 | OK | |
r-patched-linux-x86_64 | 0.2.0 | 1.50 | 17.86 | 19.36 | OK | |
r-release-linux-x86_64 | 0.2.0 | 1.56 | 17.91 | 19.47 | OK | |
r-release-macos-arm64 | 0.2.0 | 15.00 | OK | |||
r-release-macos-x86_64 | 0.2.0 | 22.00 | OK | |||
r-release-windows-x86_64 | 0.2.0 | 2.00 | 3.00 | 5.00 | FAIL | |
r-oldrel-macos-arm64 | 0.2.0 | 17.00 | OK | |||
r-oldrel-macos-x86_64 | 0.2.0 | 33.00 | OK | |||
r-oldrel-windows-x86_64 | 0.2.0 | 3.00 | 78.00 | 81.00 | OK |
Version: 0.2.0
Check: package dependencies
Result: FAIL
Flavor: r-release-windows-x86_64