CRAN Package Check Results for Package default

Last updated on 2025-02-21 02:52:09 CET.

Flavor Version Tinstall Tcheck Ttotal Status Flags
r-devel-linux-x86_64-debian-clang 1.0.0 1.42 17.43 18.85 OK
r-devel-linux-x86_64-debian-gcc 1.0.0 1.21 14.57 15.78 OK
r-devel-linux-x86_64-fedora-clang 1.0.0 29.64 OK
r-devel-linux-x86_64-fedora-gcc 1.0.0 28.86 OK
r-devel-macos-arm64 1.0.0 15.00 OK
r-devel-macos-x86_64 1.0.0 26.00 OK
r-devel-windows-x86_64 1.0.0 2.00 41.00 43.00 OK
r-patched-linux-x86_64 1.0.0 1.48 16.43 17.91 NOTE
r-release-linux-x86_64 1.0.0 1.50 16.47 17.97 NOTE
r-release-macos-arm64 1.0.0 14.00 NOTE
r-release-macos-x86_64 1.0.0 21.00 NOTE
r-release-windows-x86_64 1.0.0 2.00 39.00 41.00 NOTE
r-oldrel-macos-arm64 1.0.0 21.00 NOTE
r-oldrel-macos-x86_64 1.0.0 19.00 NOTE
r-oldrel-windows-x86_64 1.0.0 2.00 39.00 41.00 NOTE

Check Details

Version: 1.0.0
Check: LazyData
Result: NOTE 'LazyData' is specified without a 'data' directory Flavors: r-patched-linux-x86_64, r-release-linux-x86_64, r-release-macos-arm64, r-release-macos-x86_64, r-release-windows-x86_64, r-oldrel-macos-arm64, r-oldrel-macos-x86_64, r-oldrel-windows-x86_64