Last updated on 2024-05-21 14:57:08 CEST.
Flavor | Version | Tinstall | Tcheck | Ttotal | Status | Flags |
---|---|---|---|---|---|---|
r-devel-linux-x86_64-debian-clang | 3.1.1 | 78.84 | 441.99 | 520.83 | NOTE | |
r-devel-linux-x86_64-debian-gcc | 3.1.1 | 50.95 | 300.56 | 351.51 | NOTE | |
r-devel-linux-x86_64-fedora-clang | 3.1.1 | 659.87 | NOTE | |||
r-devel-linux-x86_64-fedora-gcc | 3.1.1 | 603.77 | NOTE | |||
r-devel-windows-x86_64 | 3.1.1 | 60.00 | 338.00 | 398.00 | NOTE | |
r-patched-linux-x86_64 | 3.1.1 | 47.99 | 419.21 | 467.20 | NOTE | |
r-release-linux-x86_64 | 3.1.1 | 51.40 | 423.32 | 474.72 | NOTE | |
r-release-macos-arm64 | 3.1.1 | 134.00 | NOTE | |||
r-release-windows-x86_64 | 3.1.1 | 59.00 | 345.00 | 404.00 | NOTE | |
r-oldrel-macos-arm64 | 3.1.1 | 150.00 | NOTE | |||
r-oldrel-macos-x86_64 | 3.1.1 | 256.00 | NOTE | |||
r-oldrel-windows-x86_64 | 3.1.1 | 80.00 | 391.00 | 471.00 | NOTE |
Version: 3.1.1
Check: C++ specification
Result: NOTE
Specified C++11: please drop specification unless essential
Flavors: r-devel-linux-x86_64-debian-clang, r-devel-linux-x86_64-debian-gcc, r-devel-linux-x86_64-fedora-clang, r-devel-linux-x86_64-fedora-gcc, r-devel-windows-x86_64, r-patched-linux-x86_64, r-release-linux-x86_64, r-release-macos-arm64, r-release-windows-x86_64, r-oldrel-macos-arm64, r-oldrel-macos-x86_64, r-oldrel-windows-x86_64