Last updated on 2025-02-20 14:50:49 CET.
Flavor | Version | Tinstall | Tcheck | Ttotal | Status | Flags |
---|---|---|---|---|---|---|
r-devel-linux-x86_64-debian-clang | 2.0 | 25.48 | 202.70 | 228.18 | OK | |
r-devel-linux-x86_64-debian-gcc | 2.0 | 14.05 | 135.55 | 149.60 | OK | |
r-devel-linux-x86_64-fedora-clang | 2.0 | 356.95 | OK | |||
r-devel-linux-x86_64-fedora-gcc | 2.0 | 335.81 | OK | |||
r-devel-macos-arm64 | 2.0 | 91.00 | OK | |||
r-devel-macos-x86_64 | 2.0 | 191.00 | OK | |||
r-devel-windows-x86_64 | 2.0 | 24.00 | 194.00 | 218.00 | OK | |
r-patched-linux-x86_64 | 2.0 | 20.76 | 185.00 | 205.76 | OK | |
r-release-linux-x86_64 | 2.0 | 23.43 | 184.70 | 208.13 | OK | |
r-release-macos-arm64 | 2.0 | 89.00 | OK | |||
r-release-macos-x86_64 | 2.0 | 132.00 | OK | |||
r-release-windows-x86_64 | 2.0 | 23.00 | 3.00 | 26.00 | FAIL | |
r-oldrel-macos-arm64 | 2.0 | 98.00 | OK | |||
r-oldrel-macos-x86_64 | 2.0 | 168.00 | OK | |||
r-oldrel-windows-x86_64 | 2.0 | 32.00 | 233.00 | 265.00 | OK |
Version: 2.0
Check: package dependencies
Result: FAIL
Flavor: r-release-windows-x86_64