Last updated on 2025-02-21 02:52:09 CET.
Flavor | Version | Tinstall | Tcheck | Ttotal | Status | Flags |
---|---|---|---|---|---|---|
r-devel-linux-x86_64-debian-clang | 1.0-2.2 | 156.99 | 126.96 | 283.95 | OK | |
r-devel-linux-x86_64-debian-gcc | 1.0-2.2 | 142.30 | 103.43 | 245.73 | OK | |
r-devel-linux-x86_64-fedora-clang | 1.0-2.2 | 468.82 | OK | |||
r-devel-linux-x86_64-fedora-gcc | 1.0-2.2 | 555.25 | OK | |||
r-devel-macos-arm64 | 1.0-2.2 | 124.00 | OK | |||
r-devel-macos-x86_64 | 1.0-2.2 | 225.00 | OK | |||
r-devel-windows-x86_64 | 1.0-2.2 | 169.00 | 171.00 | 340.00 | OK | |
r-patched-linux-x86_64 | 1.0-2.2 | 179.97 | 132.59 | 312.56 | NOTE | |
r-release-linux-x86_64 | 1.0-2.2 | 178.90 | 132.51 | 311.41 | NOTE | |
r-release-macos-arm64 | 1.0-2.2 | 77.00 | NOTE | |||
r-release-macos-x86_64 | 1.0-2.2 | 121.00 | NOTE | |||
r-release-windows-x86_64 | 1.0-2.2 | 176.00 | 159.00 | 335.00 | NOTE | |
r-oldrel-macos-arm64 | 1.0-2.2 | 134.00 | NOTE | |||
r-oldrel-macos-x86_64 | 1.0-2.2 | 206.00 | NOTE | |||
r-oldrel-windows-x86_64 | 1.0-2.2 | 213.00 | 189.00 | 402.00 | NOTE |
Version: 1.0-2.2
Check: for GNU extensions in Makefiles
Result: NOTE
GNU make is a SystemRequirements.
Flavors: r-patched-linux-x86_64, r-release-linux-x86_64, r-release-macos-arm64, r-release-macos-x86_64, r-release-windows-x86_64, r-oldrel-macos-arm64, r-oldrel-macos-x86_64, r-oldrel-windows-x86_64
Version: 1.0-2.2
Check: installed package size
Result: NOTE
installed size is 44.6Mb
sub-directories of 1Mb or more:
doc 1.9Mb
libs 42.4Mb
Flavors: r-release-macos-arm64, r-release-macos-x86_64, r-oldrel-macos-arm64, r-oldrel-macos-x86_64