Last updated on 2025-02-21 02:52:09 CET.
Flavor | Version | Tinstall | Tcheck | Ttotal | Status | Flags |
---|---|---|---|---|---|---|
r-devel-linux-x86_64-debian-clang | 0.2.5 | 3.86 | 56.50 | 60.36 | NOTE | |
r-devel-linux-x86_64-debian-gcc | 0.2.5 | 2.69 | 45.36 | 48.05 | NOTE | |
r-devel-linux-x86_64-fedora-clang | 0.2.5 | 99.62 | NOTE | |||
r-devel-linux-x86_64-fedora-gcc | 0.2.5 | 107.90 | NOTE | |||
r-devel-macos-arm64 | 0.2.5 | 38.00 | NOTE | |||
r-devel-macos-x86_64 | 0.2.5 | 68.00 | NOTE | |||
r-devel-windows-x86_64 | 0.2.5 | 5.00 | 130.00 | 135.00 | NOTE | |
r-patched-linux-x86_64 | 0.2.5 | 3.99 | 53.04 | 57.03 | NOTE | |
r-release-linux-x86_64 | 0.2.5 | 3.74 | 53.17 | 56.91 | NOTE | |
r-release-macos-arm64 | 0.2.5 | 37.00 | NOTE | |||
r-release-macos-x86_64 | 0.2.5 | 57.00 | NOTE | |||
r-release-windows-x86_64 | 0.2.5 | 5.00 | 129.00 | 134.00 | NOTE | |
r-oldrel-macos-arm64 | 0.2.5 | 36.00 | NOTE | |||
r-oldrel-macos-x86_64 | 0.2.5 | 48.00 | NOTE | |||
r-oldrel-windows-x86_64 | 0.2.5 | 5.00 | 112.00 | 117.00 | NOTE |
Version: 0.2.5
Check: Rd files
Result: NOTE
checkRd: (-1) barriers.Rd:127: Escaped LaTeX specials: \$
Flavors: r-devel-linux-x86_64-debian-clang, r-devel-linux-x86_64-debian-gcc, r-devel-linux-x86_64-fedora-clang, r-devel-linux-x86_64-fedora-gcc, r-devel-macos-arm64, r-devel-macos-x86_64, r-devel-windows-x86_64, r-patched-linux-x86_64, r-release-linux-x86_64, r-release-macos-arm64, r-release-macos-x86_64, r-release-windows-x86_64, r-oldrel-macos-arm64, r-oldrel-macos-x86_64, r-oldrel-windows-x86_64