Last updated on 2025-02-21 02:52:09 CET.
Flavor | Version | Tinstall | Tcheck | Ttotal | Status | Flags |
---|---|---|---|---|---|---|
r-devel-linux-x86_64-debian-clang | 0.5.4 | 6.41 | 43.99 | 50.40 | OK | |
r-devel-linux-x86_64-debian-gcc | 0.5.4 | 4.69 | 31.09 | 35.78 | OK | |
r-devel-linux-x86_64-fedora-clang | 0.5.4 | 80.55 | OK | |||
r-devel-linux-x86_64-fedora-gcc | 0.5.4 | 74.47 | OK | |||
r-devel-macos-arm64 | 0.5.4 | 27.00 | OK | |||
r-devel-macos-x86_64 | 0.5.4 | 53.00 | OK | |||
r-devel-windows-x86_64 | 0.5.4 | 6.00 | 64.00 | 70.00 | OK | |
r-patched-linux-x86_64 | 0.5.4 | 6.86 | 41.67 | 48.53 | NOTE | |
r-release-linux-x86_64 | 0.5.4 | 6.16 | 40.94 | 47.10 | NOTE | |
r-release-macos-arm64 | 0.5.4 | 25.00 | NOTE | |||
r-release-macos-x86_64 | 0.5.4 | 48.00 | NOTE | |||
r-release-windows-x86_64 | 0.5.4 | 7.00 | 62.00 | 69.00 | NOTE | |
r-oldrel-macos-arm64 | 0.5.4 | 29.00 | NOTE | |||
r-oldrel-macos-x86_64 | 0.5.4 | 55.00 | NOTE | |||
r-oldrel-windows-x86_64 | 0.5.4 | 6.00 | 65.00 | 71.00 | NOTE |
Version: 0.5.4
Check: package dependencies
Result: NOTE
Package which this enhances but not available for checking: ‘gurobi’
Flavors: r-patched-linux-x86_64, r-release-linux-x86_64
Version: 0.5.4
Check: package dependencies
Result: NOTE
Packages which this enhances but not available for checking:
'gurobi', 'Rcplex'
Flavors: r-release-macos-arm64, r-release-macos-x86_64, r-release-windows-x86_64, r-oldrel-macos-arm64, r-oldrel-macos-x86_64, r-oldrel-windows-x86_64