CRAN Package Check Results for Package desirability2

Last updated on 2025-02-20 14:50:49 CET.

Flavor Version Tinstall Tcheck Ttotal Status Flags
r-devel-linux-x86_64-debian-clang 0.0.1 1.97 24.48 26.45 OK
r-devel-linux-x86_64-debian-gcc 0.0.1 1.54 19.78 21.32 OK
r-devel-linux-x86_64-fedora-clang 0.0.1 41.54 OK
r-devel-linux-x86_64-fedora-gcc 0.0.1 39.69 OK
r-devel-macos-arm64 0.0.1 20.00 OK
r-devel-macos-x86_64 0.0.1 39.00 OK
r-devel-windows-x86_64 0.0.1 3.00 47.00 50.00 OK
r-patched-linux-x86_64 0.0.1 2.07 23.31 25.38 OK
r-release-linux-x86_64 0.0.1 1.83 23.52 25.35 OK
r-release-macos-arm64 0.0.1 18.00 OK
r-release-macos-x86_64 0.0.1 25.00 OK
r-release-windows-x86_64 0.0.1 3.00 3.00 6.00 FAIL
r-oldrel-macos-arm64 0.0.1 18.00 OK
r-oldrel-macos-x86_64 0.0.1 34.00 OK
r-oldrel-windows-x86_64 0.0.1 4.00 50.00 54.00 OK

Check Details

Version: 0.0.1
Check: package dependencies
Result: FAIL
Flavor: r-release-windows-x86_64