Last updated on 2025-02-21 02:52:09 CET.
Flavor | Version | Tinstall | Tcheck | Ttotal | Status | Flags |
---|---|---|---|---|---|---|
r-devel-linux-x86_64-debian-clang | 0.3.0 | 39.72 | 28.61 | 68.33 | OK | |
r-devel-linux-x86_64-debian-gcc | 0.3.0 | 30.25 | 23.16 | 53.41 | OK | |
r-devel-linux-x86_64-fedora-clang | 0.3.0 | 116.63 | OK | |||
r-devel-linux-x86_64-fedora-gcc | 0.3.0 | 124.48 | OK | |||
r-devel-macos-arm64 | 0.3.0 | 34.00 | OK | |||
r-devel-macos-x86_64 | 0.3.0 | 83.00 | OK | |||
r-devel-windows-x86_64 | 0.3.0 | 40.00 | 70.00 | 110.00 | OK | |
r-patched-linux-x86_64 | 0.3.0 | 43.16 | 27.79 | 70.95 | OK | |
r-release-linux-x86_64 | 0.3.0 | 43.34 | 27.21 | 70.55 | OK | |
r-release-macos-arm64 | 0.3.0 | 36.00 | NOTE | |||
r-release-macos-x86_64 | 0.3.0 | 83.00 | NOTE | |||
r-release-windows-x86_64 | 0.3.0 | 40.00 | 72.00 | 112.00 | OK | |
r-oldrel-macos-arm64 | 0.3.0 | 35.00 | NOTE | |||
r-oldrel-macos-x86_64 | 0.3.0 | 76.00 | NOTE | |||
r-oldrel-windows-x86_64 | 0.3.0 | 50.00 | 78.00 | 128.00 | OK |
Version: 0.3.0
Check: installed package size
Result: NOTE
installed size is 5.8Mb
sub-directories of 1Mb or more:
libs 5.7Mb
Flavors: r-release-macos-arm64, r-release-macos-x86_64, r-oldrel-macos-arm64, r-oldrel-macos-x86_64