Last updated on 2025-02-21 02:52:09 CET.
Flavor | Version | Tinstall | Tcheck | Ttotal | Status | Flags |
---|---|---|---|---|---|---|
r-devel-linux-x86_64-debian-clang | 0.3.1 | 3.21 | 28.51 | 31.72 | OK | |
r-devel-linux-x86_64-debian-gcc | 0.3.1 | 2.32 | 21.79 | 24.11 | OK | |
r-devel-linux-x86_64-fedora-clang | 0.3.1 | 52.01 | NOTE | |||
r-devel-linux-x86_64-fedora-gcc | 0.3.1 | 61.15 | NOTE | |||
r-devel-macos-arm64 | 0.3.1 | 27.00 | OK | |||
r-devel-macos-x86_64 | 0.3.1 | 45.00 | OK | |||
r-devel-windows-x86_64 | 0.3.1 | 5.00 | 61.00 | 66.00 | OK | |
r-patched-linux-x86_64 | 0.3.1 | 4.06 | 27.35 | 31.41 | NOTE | |
r-release-linux-x86_64 | 0.3.1 | 2.92 | 27.23 | 30.15 | NOTE | |
r-release-macos-arm64 | 0.3.1 | 26.00 | NOTE | |||
r-release-macos-x86_64 | 0.3.1 | 49.00 | NOTE | |||
r-release-windows-x86_64 | 0.3.1 | 6.00 | 54.00 | 60.00 | NOTE | |
r-oldrel-macos-arm64 | 0.3.1 | 27.00 | NOTE | |||
r-oldrel-macos-x86_64 | 0.3.1 | 38.00 | NOTE | |||
r-oldrel-windows-x86_64 | 0.3.1 | 6.00 | 57.00 | 63.00 | NOTE |
Version: 0.3.1
Check: dependencies in R code
Result: NOTE
Namespaces in Imports field not imported from:
‘DT’ ‘utils’
All declared Imports should be used.
Flavors: r-devel-linux-x86_64-fedora-clang, r-devel-linux-x86_64-fedora-gcc
Version: 0.3.1
Check: LazyData
Result: NOTE
'LazyData' is specified without a 'data' directory
Flavors: r-patched-linux-x86_64, r-release-linux-x86_64, r-release-macos-arm64, r-release-macos-x86_64, r-release-windows-x86_64, r-oldrel-macos-arm64, r-oldrel-macos-x86_64, r-oldrel-windows-x86_64