Last updated on 2024-05-21 14:57:08 CEST.
Flavor | Version | Tinstall | Tcheck | Ttotal | Status | Flags |
---|---|---|---|---|---|---|
r-devel-linux-x86_64-debian-clang | 0.1 | 5.32 | 35.51 | 40.83 | NOTE | |
r-devel-linux-x86_64-debian-gcc | 0.1 | 2.89 | 27.42 | 30.31 | NOTE | |
r-devel-linux-x86_64-fedora-clang | 0.1 | 51.85 | NOTE | |||
r-devel-linux-x86_64-fedora-gcc | 0.1 | 47.66 | NOTE | |||
r-devel-windows-x86_64 | 0.1 | 5.00 | 48.00 | 53.00 | NOTE | |
r-patched-linux-x86_64 | 0.1 | 3.90 | 34.99 | 38.89 | NOTE | |
r-release-linux-x86_64 | 0.1 | 4.09 | 34.27 | 38.36 | NOTE | |
r-release-macos-arm64 | 0.1 | 19.00 | NOTE | |||
r-release-windows-x86_64 | 0.1 | 5.00 | 49.00 | 54.00 | NOTE | |
r-oldrel-macos-arm64 | 0.1 | 22.00 | NOTE | |||
r-oldrel-macos-x86_64 | 0.1 | 28.00 | NOTE | |||
r-oldrel-windows-x86_64 | 0.1 | 6.00 | 52.00 | 58.00 | NOTE |
Version: 0.1
Check: LazyData
Result: NOTE
'LazyData' is specified without a 'data' directory
Flavors: r-devel-linux-x86_64-debian-clang, r-devel-linux-x86_64-debian-gcc, r-devel-linux-x86_64-fedora-clang, r-devel-linux-x86_64-fedora-gcc, r-devel-windows-x86_64, r-patched-linux-x86_64, r-release-linux-x86_64, r-release-macos-arm64, r-release-windows-x86_64, r-oldrel-macos-arm64, r-oldrel-macos-x86_64, r-oldrel-windows-x86_64