Last updated on 2025-02-21 02:52:09 CET.
Flavor | Version | Tinstall | Tcheck | Ttotal | Status | Flags |
---|---|---|---|---|---|---|
r-devel-linux-x86_64-debian-clang | 0.2.2 | 50.42 | 94.58 | 145.00 | OK | |
r-devel-linux-x86_64-debian-gcc | 0.2.2 | 38.02 | 74.80 | 112.82 | OK | |
r-devel-linux-x86_64-fedora-clang | 0.2.2 | 240.73 | NOTE | |||
r-devel-linux-x86_64-fedora-gcc | 0.2.2 | 267.05 | NOTE | |||
r-devel-macos-arm64 | 0.2.2 | 79.00 | OK | |||
r-devel-macos-x86_64 | 0.2.2 | 176.00 | OK | |||
r-devel-windows-x86_64 | 0.2.2 | 53.00 | 150.00 | 203.00 | OK | |
r-patched-linux-x86_64 | 0.2.2 | 46.03 | 105.31 | 151.34 | OK | |
r-release-linux-x86_64 | 0.2.2 | 49.03 | 104.75 | 153.78 | OK | |
r-release-macos-arm64 | 0.2.2 | 108.00 | NOTE | |||
r-release-macos-x86_64 | 0.2.2 | 222.00 | NOTE | |||
r-release-windows-x86_64 | 0.2.2 | 53.00 | 151.00 | 204.00 | OK | |
r-oldrel-macos-arm64 | 0.2.2 | 96.00 | NOTE | |||
r-oldrel-macos-x86_64 | 0.2.2 | 226.00 | NOTE | |||
r-oldrel-windows-x86_64 | 0.2.2 | 63.00 | 170.00 | 233.00 | OK |
Version: 0.2.2
Check: dependencies in R code
Result: NOTE
Namespace in Imports field not imported from: ‘Rcpp’
All declared Imports should be used.
Flavors: r-devel-linux-x86_64-fedora-clang, r-devel-linux-x86_64-fedora-gcc
Version: 0.2.2
Check: installed package size
Result: NOTE
installed size is 5.9Mb
sub-directories of 1Mb or more:
doc 1.8Mb
libs 3.7Mb
Flavors: r-release-macos-arm64, r-release-macos-x86_64, r-oldrel-macos-arm64, r-oldrel-macos-x86_64