Last updated on 2025-02-20 14:50:49 CET.
Flavor | Version | Tinstall | Tcheck | Ttotal | Status | Flags |
---|---|---|---|---|---|---|
r-devel-linux-x86_64-debian-clang | 0.1.5 | 14.26 | 127.48 | 141.74 | OK | |
r-devel-linux-x86_64-debian-gcc | 0.1.5 | 8.73 | 81.58 | 90.31 | OK | |
r-devel-linux-x86_64-fedora-clang | 0.1.5 | 218.74 | OK | |||
r-devel-linux-x86_64-fedora-gcc | 0.1.5 | 204.99 | OK | |||
r-devel-macos-arm64 | 0.1.5 | 59.00 | OK | |||
r-devel-macos-x86_64 | 0.1.5 | 115.00 | OK | |||
r-devel-windows-x86_64 | 0.1.5 | 14.00 | 128.00 | 142.00 | OK | |
r-patched-linux-x86_64 | 0.1.5 | 14.01 | 115.33 | 129.34 | OK | |
r-release-linux-x86_64 | 0.1.5 | 11.56 | 115.89 | 127.45 | OK | |
r-release-macos-arm64 | 0.1.5 | 52.00 | OK | |||
r-release-macos-x86_64 | 0.1.5 | 81.00 | OK | |||
r-release-windows-x86_64 | 0.1.5 | 14.00 | 3.00 | 17.00 | FAIL | |
r-oldrel-macos-arm64 | 0.1.5 | 57.00 | OK | |||
r-oldrel-macos-x86_64 | 0.1.5 | 134.00 | OK | |||
r-oldrel-windows-x86_64 | 0.1.5 | 18.00 | 158.00 | 176.00 | OK |
Version: 0.1.5
Check: package dependencies
Result: FAIL
Flavor: r-release-windows-x86_64