Last updated on 2025-02-21 02:52:09 CET.
Flavor | Version | Tinstall | Tcheck | Ttotal | Status | Flags |
---|---|---|---|---|---|---|
r-devel-linux-x86_64-debian-clang | 0.1.2 | 6.28 | 60.24 | 66.52 | OK | |
r-devel-linux-x86_64-debian-gcc | 0.1.2 | 4.18 | 43.06 | 47.24 | OK | |
r-devel-linux-x86_64-fedora-clang | 0.1.2 | 103.49 | OK | |||
r-devel-linux-x86_64-fedora-gcc | 0.1.2 | 110.83 | OK | |||
r-devel-macos-arm64 | 0.1.2 | 56.00 | OK | |||
r-devel-macos-x86_64 | 0.1.2 | 103.00 | OK | |||
r-devel-windows-x86_64 | 0.1.2 | 8.00 | 152.00 | 160.00 | ERROR | |
r-patched-linux-x86_64 | 0.1.2 | 6.26 | 55.79 | 62.05 | OK | |
r-release-linux-x86_64 | 0.1.2 | 5.26 | 56.66 | 61.92 | OK | |
r-release-macos-arm64 | 0.1.2 | 55.00 | OK | |||
r-release-macos-x86_64 | 0.1.2 | 96.00 | OK | |||
r-release-windows-x86_64 | 0.1.2 | 8.00 | 133.00 | 141.00 | ERROR | |
r-oldrel-macos-arm64 | 0.1.2 | 53.00 | OK | |||
r-oldrel-macos-x86_64 | 0.1.2 | 82.00 | OK | |||
r-oldrel-windows-x86_64 | 0.1.2 | 9.00 | 139.00 | 148.00 | ERROR |
Version: 0.1.2
Check: re-building of vignette outputs
Result: ERROR
Error(s) in re-building vignettes:
--- re-building 'diffenrich_vignette.Rmd' using rmarkdown
Quitting from lines 178-180 [get_kegg_exp2] (diffenrich_vignette.Rmd)
Error: processing vignette 'diffenrich_vignette.Rmd' failed with diagnostics:
cannot read from connection
--- failed re-building 'diffenrich_vignette.Rmd'
SUMMARY: processing the following file failed:
'diffenrich_vignette.Rmd'
Error: Vignette re-building failed.
Execution halted
Flavor: r-devel-windows-x86_64
Version: 0.1.2
Check: re-building of vignette outputs
Result: ERROR
Error(s) in re-building vignettes:
--- re-building 'diffenrich_vignette.Rmd' using rmarkdown
Quitting from lines 161-163 [get_kegg_exp1] (diffenrich_vignette.Rmd)
Error: processing vignette 'diffenrich_vignette.Rmd' failed with diagnostics:
cannot read from connection
--- failed re-building 'diffenrich_vignette.Rmd'
SUMMARY: processing the following file failed:
'diffenrich_vignette.Rmd'
Error: Vignette re-building failed.
Execution halted
Flavors: r-release-windows-x86_64, r-oldrel-windows-x86_64