CRAN Package Check Results for Package dilp

Last updated on 2025-02-21 02:52:09 CET.

Flavor Version Tinstall Tcheck Ttotal Status Flags
r-devel-linux-x86_64-debian-clang 1.1.0 3.62 46.79 50.41 NOTE
r-devel-linux-x86_64-debian-gcc 1.1.0 2.47 35.05 37.52 NOTE
r-devel-linux-x86_64-fedora-clang 1.1.0 82.65 NOTE
r-devel-linux-x86_64-fedora-gcc 1.1.0 89.88 NOTE
r-devel-macos-arm64 1.1.0 38.00 OK
r-devel-macos-x86_64 1.1.0 63.00 NOTE
r-devel-windows-x86_64 1.1.0 6.00 67.00 73.00 NOTE
r-patched-linux-x86_64 1.1.0 3.30 44.81 48.11 OK
r-release-linux-x86_64 1.1.0 3.41 44.93 48.34 OK
r-release-macos-arm64 1.1.0 34.00 OK
r-release-macos-x86_64 1.1.0 50.00 OK
r-release-windows-x86_64 1.1.0 5.00 68.00 73.00 OK
r-oldrel-macos-arm64 1.1.0 40.00 OK
r-oldrel-macos-x86_64 1.1.0 84.00 OK
r-oldrel-windows-x86_64 1.1.0 7.00 72.00 79.00 OK

Check Details

Version: 1.1.0
Check: DESCRIPTION meta-information
Result: NOTE Missing dependency on R >= 4.1.0 because package code uses the pipe |> or function shorthand \(...) syntax added in R 4.1.0. File(s) using such syntax: ‘dilp_functions.R’ Flavors: r-devel-linux-x86_64-debian-clang, r-devel-linux-x86_64-debian-gcc, r-devel-linux-x86_64-fedora-clang, r-devel-linux-x86_64-fedora-gcc, r-devel-macos-x86_64, r-devel-windows-x86_64