Last updated on 2024-05-21 14:57:09 CEST.
Flavor | Version | Tinstall | Tcheck | Ttotal | Status | Flags |
---|---|---|---|---|---|---|
r-devel-linux-x86_64-debian-clang | 0.2.6 | 25.22 | 284.46 | 309.68 | NOTE | |
r-devel-linux-x86_64-debian-gcc | 0.2.6 | 17.20 | 204.72 | 221.92 | NOTE | |
r-devel-linux-x86_64-fedora-clang | 0.2.6 | 211.94 | NOTE | |||
r-devel-linux-x86_64-fedora-gcc | 0.2.6 | 364.52 | NOTE | |||
r-devel-windows-x86_64 | 0.2.6 | 19.00 | 243.00 | 262.00 | NOTE | |
r-patched-linux-x86_64 | 0.2.6 | 27.22 | 263.19 | 290.41 | NOTE | |
r-release-linux-x86_64 | 0.2.6 | 17.06 | 268.07 | 285.13 | NOTE | |
r-release-macos-arm64 | 0.2.6 | 100.00 | NOTE | |||
r-release-windows-x86_64 | 0.2.6 | 18.00 | 240.00 | 258.00 | NOTE | |
r-oldrel-macos-arm64 | 0.2.6 | 114.00 | OK | |||
r-oldrel-macos-x86_64 | 0.2.6 | 207.00 | OK | |||
r-oldrel-windows-x86_64 | 0.2.6 | 25.00 | 285.00 | 310.00 | OK |
Version: 0.2.6
Check: package dependencies
Result: NOTE
Package suggested but not available for checking: ‘loe’
Flavors: r-devel-linux-x86_64-debian-clang, r-devel-linux-x86_64-debian-gcc, r-devel-linux-x86_64-fedora-clang, r-devel-linux-x86_64-fedora-gcc, r-patched-linux-x86_64, r-release-linux-x86_64
Version: 0.2.6
Check: Rd files
Result: NOTE
checkRd: (-1) DRR-class.Rd:79: Lost braces; missing escapes or markup?
79 | n^{1/3} up to sacrificing some accuracy, for details see
| ^
Flavors: r-devel-linux-x86_64-debian-clang, r-devel-linux-x86_64-debian-gcc, r-devel-linux-x86_64-fedora-clang, r-devel-linux-x86_64-fedora-gcc, r-devel-windows-x86_64, r-patched-linux-x86_64, r-release-linux-x86_64, r-release-macos-arm64, r-release-windows-x86_64
Version: 0.2.6
Check: Rd cross-references
Result: NOTE
Unknown package ‘loe’ in Rd xrefs
Flavors: r-devel-linux-x86_64-debian-clang, r-devel-linux-x86_64-debian-gcc, r-devel-linux-x86_64-fedora-gcc, r-patched-linux-x86_64, r-release-linux-x86_64
Version: 0.2.6
Check: Rd cross-references
Result: NOTE
Undeclared package ‘CVST’ in Rd xrefs
Unknown package ‘loe’ in Rd xrefs
Flavor: r-devel-linux-x86_64-fedora-clang
Version: 0.2.6
Check: Rd cross-references
Result: NOTE
Package unavailable to check Rd xrefs: ‘diffusionMap’
Flavor: r-release-macos-arm64