Last updated on 2025-02-21 02:52:09 CET.
Flavor | Version | Tinstall | Tcheck | Ttotal | Status | Flags |
---|---|---|---|---|---|---|
r-devel-linux-x86_64-debian-clang | 1.0.2 | 15.82 | 128.40 | 144.22 | NOTE | |
r-devel-linux-x86_64-debian-gcc | 1.0.2 | 10.91 | 89.89 | 100.80 | NOTE | |
r-devel-linux-x86_64-fedora-clang | 1.0.2 | 238.61 | OK | |||
r-devel-linux-x86_64-fedora-gcc | 1.0.2 | 230.52 | OK | |||
r-devel-macos-arm64 | 1.0.2 | 59.00 | OK | |||
r-devel-macos-x86_64 | 1.0.2 | 140.00 | OK | |||
r-devel-windows-x86_64 | 1.0.2 | 17.00 | 121.00 | 138.00 | NOTE | |
r-patched-linux-x86_64 | 1.0.2 | 17.54 | 119.83 | 137.37 | OK | |
r-release-linux-x86_64 | 1.0.2 | 12.62 | 120.64 | 133.26 | OK | |
r-release-macos-arm64 | 1.0.2 | 60.00 | OK | |||
r-release-macos-x86_64 | 1.0.2 | 106.00 | OK | |||
r-release-windows-x86_64 | 1.0.2 | 16.00 | 120.00 | 136.00 | OK | |
r-oldrel-macos-arm64 | 1.0.2 | 89.00 | OK | |||
r-oldrel-macos-x86_64 | 1.0.2 | 127.00 | OK | |||
r-oldrel-windows-x86_64 | 1.0.2 | 19.00 | 145.00 | 164.00 | OK |
Version: 1.0.2
Check: Rd cross-references
Result: NOTE
Found the following Rd file(s) with Rd \link{} targets missing package
anchors:
expectreg.aft.Rd: rb, cdf.qp, cdf.bundle, summary.expectreg,
plot.expectreg, predict.expectreg, resid.expectreg,
fitted.expectreg, effects.expectreg
modreg.Rd: control
Please provide package anchors for all Rd \link{} targets not in the
package itself and the base packages.
Flavors: r-devel-linux-x86_64-debian-clang, r-devel-linux-x86_64-debian-gcc, r-devel-windows-x86_64