Last updated on 2025-02-20 14:50:49 CET.
Flavor | Version | Tinstall | Tcheck | Ttotal | Status | Flags |
---|---|---|---|---|---|---|
r-devel-linux-x86_64-debian-clang | 1.0.6 | 1.87 | 21.90 | 23.77 | OK | |
r-devel-linux-x86_64-debian-gcc | 1.0.6 | 1.36 | 17.84 | 19.20 | OK | |
r-devel-linux-x86_64-fedora-clang | 1.0.6 | 37.56 | OK | |||
r-devel-linux-x86_64-fedora-gcc | 1.0.6 | 35.45 | OK | |||
r-devel-macos-arm64 | 1.0.6 | 22.00 | OK | |||
r-devel-macos-x86_64 | 1.0.6 | 32.00 | OK | |||
r-devel-windows-x86_64 | 1.0.6 | 3.00 | 57.00 | 60.00 | OK | |
r-patched-linux-x86_64 | 1.0.6 | 1.88 | 20.83 | 22.71 | OK | |
r-release-linux-x86_64 | 1.0.6 | 1.83 | 20.93 | 22.76 | OK | |
r-release-macos-arm64 | 1.0.6 | 23.00 | OK | |||
r-release-macos-x86_64 | 1.0.6 | 30.00 | OK | |||
r-release-windows-x86_64 | 1.0.6 | 3.00 | 3.00 | 6.00 | FAIL | |
r-oldrel-macos-arm64 | 1.0.6 | 28.00 | OK | |||
r-oldrel-macos-x86_64 | 1.0.6 | 33.00 | OK | |||
r-oldrel-windows-x86_64 | 1.0.6 | 4.00 | 70.00 | 74.00 | OK |
Version: 1.0.6
Check: package dependencies
Result: FAIL
Flavor: r-release-windows-x86_64