Last updated on 2025-02-21 02:52:09 CET.
Flavor | Version | Tinstall | Tcheck | Ttotal | Status | Flags |
---|---|---|---|---|---|---|
r-devel-linux-x86_64-debian-clang | 1.7.4 | 19.87 | 64.29 | 84.16 | NOTE | |
r-devel-linux-x86_64-debian-gcc | 1.7.4 | 15.45 | 45.96 | 61.41 | NOTE | |
r-devel-linux-x86_64-fedora-clang | 1.7.4 | 141.17 | NOTE | |||
r-devel-linux-x86_64-fedora-gcc | 1.7.4 | 153.61 | NOTE | |||
r-devel-macos-arm64 | 1.7.4 | 52.00 | NOTE | |||
r-devel-macos-x86_64 | 1.7.4 | 86.00 | NOTE | |||
r-devel-windows-x86_64 | 1.7.4 | 22.00 | 108.00 | 130.00 | NOTE | |
r-patched-linux-x86_64 | 1.7.4 | 19.70 | 59.62 | 79.32 | NOTE | |
r-release-linux-x86_64 | 1.7.4 | 21.26 | 60.13 | 81.39 | NOTE | |
r-release-macos-arm64 | 1.7.4 | 52.00 | NOTE | |||
r-release-macos-x86_64 | 1.7.4 | 70.00 | NOTE | |||
r-release-windows-x86_64 | 1.7.4 | 23.00 | 110.00 | 133.00 | NOTE | |
r-oldrel-macos-arm64 | 1.7.4 | 56.00 | NOTE | |||
r-oldrel-macos-x86_64 | 1.7.4 | 88.00 | NOTE | |||
r-oldrel-windows-x86_64 | 1.7.4 | 22.00 | 122.00 | 144.00 | NOTE |
Version: 1.7.4
Check: C++ specification
Result: NOTE
Specified C++11: please drop specification unless essential
Flavors: r-devel-linux-x86_64-debian-clang, r-devel-linux-x86_64-debian-gcc, r-devel-linux-x86_64-fedora-clang, r-devel-linux-x86_64-fedora-gcc, r-devel-macos-arm64, r-devel-macos-x86_64, r-devel-windows-x86_64, r-patched-linux-x86_64, r-release-linux-x86_64, r-release-macos-arm64, r-release-macos-x86_64, r-release-windows-x86_64, r-oldrel-macos-arm64, r-oldrel-macos-x86_64, r-oldrel-windows-x86_64