CRAN Package Check Results for Package distTails

Last updated on 2025-02-18 02:50:34 CET.

Flavor Version Tinstall Tcheck Ttotal Status Flags
r-devel-linux-x86_64-debian-clang 0.1.2 1.91 17.70 19.61 OK
r-devel-linux-x86_64-debian-gcc 0.1.2 1.55 14.46 16.01 OK
r-devel-linux-x86_64-fedora-clang 0.1.2 34.05 OK
r-devel-linux-x86_64-fedora-gcc 0.1.2 30.26 OK
r-devel-macos-arm64 0.1.2 15.00 OK
r-devel-macos-x86_64 0.1.2 23.00 OK
r-devel-windows-x86_64 0.1.2 3.00 47.00 50.00 OK
r-patched-linux-x86_64 0.1.2 1.84 17.14 18.98 NOTE
r-release-linux-x86_64 0.1.2 1.50 16.89 18.39 NOTE
r-release-macos-arm64 0.1.2 15.00 NOTE
r-release-macos-x86_64 0.1.2 20.00 NOTE
r-release-windows-x86_64 0.1.2 3.00 42.00 45.00 NOTE
r-oldrel-macos-arm64 0.1.2 17.00 NOTE
r-oldrel-macos-x86_64 0.1.2 19.00 NOTE
r-oldrel-windows-x86_64 0.1.2 3.00 51.00 54.00 NOTE

Check Details

Version: 0.1.2
Check: LazyData
Result: NOTE 'LazyData' is specified without a 'data' directory Flavors: r-patched-linux-x86_64, r-release-linux-x86_64, r-release-macos-arm64, r-release-macos-x86_64, r-release-windows-x86_64, r-oldrel-macos-arm64, r-oldrel-macos-x86_64, r-oldrel-windows-x86_64