CRAN Package Check Results for Package distcrete

Last updated on 2025-02-21 02:52:09 CET.

Flavor Version Tinstall Tcheck Ttotal Status Flags
r-devel-linux-x86_64-debian-clang 1.0.3 1.38 23.98 25.36 OK
r-devel-linux-x86_64-debian-gcc 1.0.3 1.45 19.49 20.94 OK
r-devel-linux-x86_64-fedora-clang 1.0.3 42.12 OK
r-devel-linux-x86_64-fedora-gcc 1.0.3 53.90 OK
r-devel-macos-arm64 1.0.3 23.00 OK
r-devel-macos-x86_64 1.0.3 38.00 OK
r-devel-windows-x86_64 1.0.3 2.00 44.00 46.00 OK
r-patched-linux-x86_64 1.0.3 1.63 23.00 24.63 NOTE
r-release-linux-x86_64 1.0.3 1.67 22.90 24.57 NOTE
r-release-macos-arm64 1.0.3 21.00 NOTE
r-release-macos-x86_64 1.0.3 33.00 NOTE
r-release-windows-x86_64 1.0.3 3.00 45.00 48.00 NOTE
r-oldrel-macos-arm64 1.0.3 22.00 NOTE
r-oldrel-macos-x86_64 1.0.3 33.00 NOTE
r-oldrel-windows-x86_64 1.0.3 3.00 45.00 48.00 NOTE

Check Details

Version: 1.0.3
Check: LazyData
Result: NOTE 'LazyData' is specified without a 'data' directory Flavors: r-patched-linux-x86_64, r-release-linux-x86_64, r-release-macos-arm64, r-release-macos-x86_64, r-release-windows-x86_64, r-oldrel-macos-arm64, r-oldrel-macos-x86_64, r-oldrel-windows-x86_64