Last updated on 2025-02-20 14:50:50 CET.
Flavor | Version | Tinstall | Tcheck | Ttotal | Status | Flags |
---|---|---|---|---|---|---|
r-devel-linux-x86_64-debian-clang | 1.1.1 | 40.78 | 26.85 | 67.63 | NOTE | |
r-devel-linux-x86_64-debian-gcc | 1.1.1 | 31.36 | 20.92 | 52.28 | NOTE | |
r-devel-linux-x86_64-fedora-clang | 1.1.1 | 122.60 | NOTE | |||
r-devel-linux-x86_64-fedora-gcc | 1.1.1 | 124.30 | NOTE | |||
r-devel-macos-arm64 | 1.1.1 | 42.00 | OK | |||
r-devel-macos-x86_64 | 1.1.1 | 54.00 | OK | |||
r-devel-windows-x86_64 | 1.1.1 | 51.00 | 69.00 | 120.00 | OK | |
r-patched-linux-x86_64 | 1.1.1 | 43.37 | 25.48 | 68.85 | OK | |
r-release-linux-x86_64 | 1.1.1 | 43.89 | 25.09 | 68.98 | OK | |
r-release-macos-arm64 | 1.1.1 | 46.00 | OK | |||
r-release-macos-x86_64 | 1.1.1 | 67.00 | OK | |||
r-release-windows-x86_64 | 1.1.1 | 51.00 | 80.00 | 131.00 | WARN | |
r-oldrel-macos-arm64 | 1.1.1 | 45.00 | OK | |||
r-oldrel-macos-x86_64 | 1.1.1 | 66.00 | OK | |||
r-oldrel-windows-x86_64 | 1.1.1 | 48.00 | 72.00 | 120.00 | OK |
Version: 1.1.1
Check: top-level files
Result: NOTE
possible bashism in configure.ac line 33 (test -a/-o):
if test -z "${PKGCONFIG}" -o "${PKGCONFIG}" == "none"; then
possible bashism in configure.ac line 33 (should be 'b = a'):
if test -z "${PKGCONFIG}" -o "${PKGCONFIG}" == "none"; then
Flavors: r-devel-linux-x86_64-debian-clang, r-devel-linux-x86_64-debian-gcc, r-devel-linux-x86_64-fedora-clang, r-devel-linux-x86_64-fedora-gcc
Version: 1.1.1
Check: S3 generic/method consistency
Result: WARN
During startup - Warning message:
In read.table(file = file, header = header, sep = sep, quote = quote, :
cols = 6 != length(data) = 7
See section 'Generic functions and methods' in the 'Writing R
Extensions' manual.
Flavor: r-release-windows-x86_64
Version: 1.1.1
Check: replacement functions
Result: WARN
During startup - Warning message:
In read.table(file = file, header = header, sep = sep, quote = quote, :
cols = 6 != length(data) = 7
The argument of a replacement function which corresponds to the right
hand side must be named 'value'.
Flavor: r-release-windows-x86_64
Version: 1.1.1
Check: foreign function calls
Result: NOTE
During startup - Warning message:
In read.table(file = file, header = header, sep = sep, quote = quote, :
cols = 6 != length(data) = 7
See chapter 'System and foreign language interfaces' in the 'Writing R
Extensions' manual.
Flavor: r-release-windows-x86_64
Version: 1.1.1
Check: R code for possible problems
Result: NOTE
During startup - Warning message:
In read.table(file = file, header = header, sep = sep, quote = quote, :
cols = 6 != length(data) = 7
During startup - Warning message:
In read.table(file = file, header = header, sep = sep, quote = quote, :
cols = 6 != length(data) = 7
Warning in read.table(file = file, header = header, sep = sep, quote = quote, :
cols = 6 != length(data) = 7
Flavor: r-release-windows-x86_64
Version: 1.1.1
Check: Rd files
Result: WARN
During startup - Warning message:
In read.table(file = file, header = header, sep = sep, quote = quote, :
cols = 6 != length(data) = 7
Flavor: r-release-windows-x86_64
Version: 1.1.1
Check: Rd cross-references
Result: WARN
Warning in read.table(file = file, header = header, sep = sep, quote = quote, :
cols = 6 != length(data) = 7
Flavor: r-release-windows-x86_64
Version: 1.1.1
Check: for missing documentation entries
Result: WARN
During startup - Warning message:
In read.table(file = file, header = header, sep = sep, quote = quote, :
cols = 6 != length(data) = 7
All user-level objects in a package should have documentation entries.
See chapter 'Writing R documentation files' in the 'Writing R
Extensions' manual.
Flavor: r-release-windows-x86_64
Version: 1.1.1
Check: for code/documentation mismatches
Result: WARN
During startup - Warning message:
In read.table(file = file, header = header, sep = sep, quote = quote, :
cols = 6 != length(data) = 7
During startup - Warning message:
In read.table(file = file, header = header, sep = sep, quote = quote, :
cols = 6 != length(data) = 7
During startup - Warning message:
In read.table(file = file, header = header, sep = sep, quote = quote, :
cols = 6 != length(data) = 7
Flavor: r-release-windows-x86_64
Version: 1.1.1
Check: Rd \usage sections
Result: WARN
During startup - Warning message:
In read.table(file = file, header = header, sep = sep, quote = quote, :
cols = 6 != length(data) = 7
Functions with \usage entries need to have the appropriate \alias
entries, and all their arguments documented.
The \usage entries must correspond to syntactically valid R code.
See chapter 'Writing R documentation files' in the 'Writing R
Extensions' manual.
During startup - Warning message:
In read.table(file = file, header = header, sep = sep, quote = quote, :
cols = 6 != length(data) = 7
The \usage entries for S3 methods should use the \method markup and not
their full name.
See chapter 'Writing R documentation files' in the 'Writing R
Extensions' manual.
Flavor: r-release-windows-x86_64
Version: 1.1.1
Check: Rd contents
Result: NOTE
Warning in read.table(file = file, header = header, sep = sep, quote = quote, :
cols = 6 != length(data) = 7
Flavor: r-release-windows-x86_64
Version: 1.1.1
Check: for unstated dependencies in examples
Result: WARN
Warning in read.table(file = file, header = header, sep = sep, quote = quote, :
cols = 6 != length(data) = 7
Flavor: r-release-windows-x86_64
Version: 1.1.1
Check: compiled code
Result: NOTE
Warning in read.table(file = file, header = header, sep = sep, quote = quote, :
cols = 6 != length(data) = 7
See 'Writing portable packages' in the 'Writing R Extensions' manual.
Flavor: r-release-windows-x86_64
Version: 1.1.1
Check: for unstated dependencies in ‘tests’
Result: WARN
Warning in read.table(file = file, header = header, sep = sep, quote = quote, :
cols = 6 != length(data) = 7
Flavor: r-release-windows-x86_64