Last updated on 2025-02-20 14:50:50 CET.
Flavor | Version | Tinstall | Tcheck | Ttotal | Status | Flags |
---|---|---|---|---|---|---|
r-devel-linux-x86_64-debian-clang | 1.4-0 | 2.03 | 29.30 | 31.33 | NOTE | |
r-devel-linux-x86_64-debian-gcc | 1.4-0 | 1.63 | 22.11 | 23.74 | NOTE | |
r-devel-linux-x86_64-fedora-clang | 1.4-0 | 49.59 | NOTE | |||
r-devel-linux-x86_64-fedora-gcc | 1.4-0 | 47.88 | NOTE | |||
r-devel-macos-arm64 | 1.4-0 | 20.00 | NOTE | |||
r-devel-macos-x86_64 | 1.4-0 | 36.00 | NOTE | |||
r-devel-windows-x86_64 | 1.4-0 | 3.00 | 54.00 | 57.00 | NOTE | |
r-patched-linux-x86_64 | 1.4-0 | 2.09 | 28.13 | 30.22 | NOTE | |
r-release-linux-x86_64 | 1.4-0 | 1.86 | 27.55 | 29.41 | NOTE | |
r-release-macos-arm64 | 1.4-0 | 19.00 | NOTE | |||
r-release-macos-x86_64 | 1.4-0 | 36.00 | NOTE | |||
r-release-windows-x86_64 | 1.4-0 | 4.00 | 65.00 | 69.00 | WARN | |
r-oldrel-macos-arm64 | 1.4-0 | 22.00 | OK | |||
r-oldrel-macos-x86_64 | 1.4-0 | 28.00 | OK | |||
r-oldrel-windows-x86_64 | 1.4-0 | 4.00 | 77.00 | 81.00 | OK |
Version: 1.4-0
Check: Rd files
Result: NOTE
checkRd: (-1) dma.Rd:47: Lost braces; missing escapes or markup?
47 | When y_t is controlled, only y_{t-delay-1} and before
| ^
checkRd: (-1) dma.Rd:64: Lost braces; missing escapes or markup?
64 | estimate of theta_{j-1} for model k at t}
| ^
checkRd: (-1) dma.Rd:66: Lost braces; missing escapes or markup?
66 | variance of theta_{j-1} for model k at t}
| ^
checkRd: (-1) dma.Rd:68: Lost braces; missing escapes or markup?
68 | estimate of theta_{j-1} at t}
| ^
checkRd: (-1) dma.Rd:70: Lost braces; missing escapes or markup?
70 | variance of thetahat_{j-1} at t}
| ^
Flavors: r-devel-linux-x86_64-debian-clang, r-devel-linux-x86_64-debian-gcc, r-devel-linux-x86_64-fedora-clang, r-devel-linux-x86_64-fedora-gcc, r-devel-macos-arm64, r-devel-macos-x86_64, r-devel-windows-x86_64, r-patched-linux-x86_64, r-release-linux-x86_64, r-release-macos-arm64, r-release-macos-x86_64
Version: 1.4-0
Check: S3 generic/method consistency
Result: WARN
During startup - Warning message:
In read.table(file = file, header = header, sep = sep, quote = quote, :
cols = 6 != length(data) = 7
See section 'Generic functions and methods' in the 'Writing R
Extensions' manual.
Flavor: r-release-windows-x86_64
Version: 1.4-0
Check: replacement functions
Result: WARN
During startup - Warning message:
In read.table(file = file, header = header, sep = sep, quote = quote, :
cols = 6 != length(data) = 7
The argument of a replacement function which corresponds to the right
hand side must be named 'value'.
Flavor: r-release-windows-x86_64
Version: 1.4-0
Check: foreign function calls
Result: NOTE
During startup - Warning message:
In read.table(file = file, header = header, sep = sep, quote = quote, :
cols = 6 != length(data) = 7
See chapter 'System and foreign language interfaces' in the 'Writing R
Extensions' manual.
Flavor: r-release-windows-x86_64
Version: 1.4-0
Check: R code for possible problems
Result: NOTE
During startup - Warning message:
In read.table(file = file, header = header, sep = sep, quote = quote, :
cols = 6 != length(data) = 7
During startup - Warning message:
In read.table(file = file, header = header, sep = sep, quote = quote, :
cols = 6 != length(data) = 7
Warning in read.table(file = file, header = header, sep = sep, quote = quote, :
cols = 6 != length(data) = 7
Flavor: r-release-windows-x86_64
Version: 1.4-0
Check: Rd files
Result: WARN
During startup - Warning message:
In read.table(file = file, header = header, sep = sep, quote = quote, :
cols = 6 != length(data) = 7
checkRd: (-1) dma.Rd:47: Lost braces; missing escapes or markup?
47 | When y_t is controlled, only y_{t-delay-1} and before
| ^
checkRd: (-1) dma.Rd:64: Lost braces; missing escapes or markup?
64 | estimate of theta_{j-1} for model k at t}
| ^
checkRd: (-1) dma.Rd:66: Lost braces; missing escapes or markup?
66 | variance of theta_{j-1} for model k at t}
| ^
checkRd: (-1) dma.Rd:68: Lost braces; missing escapes or markup?
68 | estimate of theta_{j-1} at t}
| ^
checkRd: (-1) dma.Rd:70: Lost braces; missing escapes or markup?
70 | variance of thetahat_{j-1} at t}
| ^
Flavor: r-release-windows-x86_64
Version: 1.4-0
Check: for missing documentation entries
Result: WARN
During startup - Warning message:
In read.table(file = file, header = header, sep = sep, quote = quote, :
cols = 6 != length(data) = 7
All user-level objects in a package should have documentation entries.
See chapter 'Writing R documentation files' in the 'Writing R
Extensions' manual.
Flavor: r-release-windows-x86_64
Version: 1.4-0
Check: for code/documentation mismatches
Result: WARN
During startup - Warning message:
In read.table(file = file, header = header, sep = sep, quote = quote, :
cols = 6 != length(data) = 7
During startup - Warning message:
In read.table(file = file, header = header, sep = sep, quote = quote, :
cols = 6 != length(data) = 7
During startup - Warning message:
In read.table(file = file, header = header, sep = sep, quote = quote, :
cols = 6 != length(data) = 7
Flavor: r-release-windows-x86_64
Version: 1.4-0
Check: Rd \usage sections
Result: WARN
During startup - Warning message:
In read.table(file = file, header = header, sep = sep, quote = quote, :
cols = 6 != length(data) = 7
Functions with \usage entries need to have the appropriate \alias
entries, and all their arguments documented.
The \usage entries must correspond to syntactically valid R code.
See chapter 'Writing R documentation files' in the 'Writing R
Extensions' manual.
During startup - Warning message:
In read.table(file = file, header = header, sep = sep, quote = quote, :
cols = 6 != length(data) = 7
The \usage entries for S3 methods should use the \method markup and not
their full name.
See chapter 'Writing R documentation files' in the 'Writing R
Extensions' manual.
Flavor: r-release-windows-x86_64
Version: 1.4-0
Check: Rd contents
Result: NOTE
Warning in read.table(file = file, header = header, sep = sep, quote = quote, :
cols = 6 != length(data) = 7
Flavor: r-release-windows-x86_64
Version: 1.4-0
Check: for unstated dependencies in examples
Result: WARN
Warning in read.table(file = file, header = header, sep = sep, quote = quote, :
cols = 6 != length(data) = 7
Flavor: r-release-windows-x86_64
Version: 1.4-0
Check: for unstated dependencies in ‘tests’
Result: WARN
Warning in read.table(file = file, header = header, sep = sep, quote = quote, :
cols = 6 != length(data) = 7
Flavor: r-release-windows-x86_64