CRAN Package Check Results for Package dmai

Last updated on 2025-02-20 14:50:50 CET.

Flavor Version Tinstall Tcheck Ttotal Status Flags
r-devel-linux-x86_64-debian-clang 0.5.0 5.02 39.05 44.07 OK
r-devel-linux-x86_64-debian-gcc 0.5.0 3.37 28.97 32.34 OK
r-devel-linux-x86_64-fedora-clang 0.5.0 67.55 OK
r-devel-linux-x86_64-fedora-gcc 0.5.0 64.45 OK
r-devel-macos-arm64 0.5.0 26.00 OK
r-devel-macos-x86_64 0.5.0 44.00 OK
r-devel-windows-x86_64 0.5.0 6.00 57.00 63.00 OK
r-patched-linux-x86_64 0.5.0 4.60 37.04 41.64 OK
r-release-linux-x86_64 0.5.0 4.39 36.30 40.69 OK
r-release-macos-arm64 0.5.0 25.00 OK
r-release-macos-x86_64 0.5.0 42.00 OK
r-release-windows-x86_64 0.5.0 6.00 68.00 74.00 WARN
r-oldrel-macos-arm64 0.5.0 30.00 OK
r-oldrel-macos-x86_64 0.5.0 58.00 OK
r-oldrel-windows-x86_64 0.5.0 8.00 60.00 68.00 OK

Check Details

Version: 0.5.0
Check: S3 generic/method consistency
Result: WARN During startup - Warning message: In read.table(file = file, header = header, sep = sep, quote = quote, : cols = 6 != length(data) = 7 See section 'Generic functions and methods' in the 'Writing R Extensions' manual. Flavor: r-release-windows-x86_64

Version: 0.5.0
Check: replacement functions
Result: WARN During startup - Warning message: In read.table(file = file, header = header, sep = sep, quote = quote, : cols = 6 != length(data) = 7 The argument of a replacement function which corresponds to the right hand side must be named 'value'. Flavor: r-release-windows-x86_64

Version: 0.5.0
Check: foreign function calls
Result: NOTE During startup - Warning message: In read.table(file = file, header = header, sep = sep, quote = quote, : cols = 6 != length(data) = 7 See chapter 'System and foreign language interfaces' in the 'Writing R Extensions' manual. Flavor: r-release-windows-x86_64

Version: 0.5.0
Check: R code for possible problems
Result: NOTE During startup - Warning message: In read.table(file = file, header = header, sep = sep, quote = quote, : cols = 6 != length(data) = 7 During startup - Warning message: In read.table(file = file, header = header, sep = sep, quote = quote, : cols = 6 != length(data) = 7 Warning in read.table(file = file, header = header, sep = sep, quote = quote, : cols = 6 != length(data) = 7 Flavor: r-release-windows-x86_64

Version: 0.5.0
Check: Rd files
Result: WARN During startup - Warning message: In read.table(file = file, header = header, sep = sep, quote = quote, : cols = 6 != length(data) = 7 Flavor: r-release-windows-x86_64

Version: 0.5.0
Check: for missing documentation entries
Result: WARN During startup - Warning message: In read.table(file = file, header = header, sep = sep, quote = quote, : cols = 6 != length(data) = 7 All user-level objects in a package should have documentation entries. See chapter 'Writing R documentation files' in the 'Writing R Extensions' manual. Flavor: r-release-windows-x86_64

Version: 0.5.0
Check: for code/documentation mismatches
Result: WARN During startup - Warning message: In read.table(file = file, header = header, sep = sep, quote = quote, : cols = 6 != length(data) = 7 During startup - Warning message: In read.table(file = file, header = header, sep = sep, quote = quote, : cols = 6 != length(data) = 7 During startup - Warning message: In read.table(file = file, header = header, sep = sep, quote = quote, : cols = 6 != length(data) = 7 Flavor: r-release-windows-x86_64

Version: 0.5.0
Check: Rd \usage sections
Result: WARN During startup - Warning message: In read.table(file = file, header = header, sep = sep, quote = quote, : cols = 6 != length(data) = 7 Functions with \usage entries need to have the appropriate \alias entries, and all their arguments documented. The \usage entries must correspond to syntactically valid R code. See chapter 'Writing R documentation files' in the 'Writing R Extensions' manual. During startup - Warning message: In read.table(file = file, header = header, sep = sep, quote = quote, : cols = 6 != length(data) = 7 The \usage entries for S3 methods should use the \method markup and not their full name. See chapter 'Writing R documentation files' in the 'Writing R Extensions' manual. Flavor: r-release-windows-x86_64

Version: 0.5.0
Check: Rd contents
Result: NOTE Warning in read.table(file = file, header = header, sep = sep, quote = quote, : cols = 6 != length(data) = 7 Flavor: r-release-windows-x86_64

Version: 0.5.0
Check: for unstated dependencies in examples
Result: WARN Warning in read.table(file = file, header = header, sep = sep, quote = quote, : cols = 6 != length(data) = 7 Flavor: r-release-windows-x86_64