Last updated on 2025-02-21 02:52:09 CET.
Flavor | Version | Tinstall | Tcheck | Ttotal | Status | Flags |
---|---|---|---|---|---|---|
r-devel-linux-x86_64-debian-clang | 1.1.0 | 6.88 | 68.08 | 74.96 | NOTE | |
r-devel-linux-x86_64-debian-gcc | 1.1.0 | 5.40 | 49.25 | 54.65 | NOTE | |
r-devel-linux-x86_64-fedora-clang | 1.1.0 | 115.91 | NOTE | |||
r-devel-linux-x86_64-fedora-gcc | 1.1.0 | 110.94 | NOTE | |||
r-devel-macos-arm64 | 1.1.0 | 36.00 | NOTE | |||
r-devel-macos-x86_64 | 1.1.0 | 66.00 | NOTE | |||
r-devel-windows-x86_64 | 1.1.0 | 7.00 | 80.00 | 87.00 | NOTE | |
r-patched-linux-x86_64 | 1.1.0 | 4.87 | 64.07 | 68.94 | NOTE | |
r-release-linux-x86_64 | 1.1.0 | 4.75 | 63.51 | 68.26 | NOTE | |
r-release-macos-arm64 | 1.1.0 | 32.00 | NOTE | |||
r-release-macos-x86_64 | 1.1.0 | 51.00 | NOTE | |||
r-release-windows-x86_64 | 1.1.0 | 7.00 | 79.00 | 86.00 | NOTE | |
r-oldrel-macos-arm64 | 1.1.0 | 37.00 | OK | |||
r-oldrel-macos-x86_64 | 1.1.0 | 63.00 | OK | |||
r-oldrel-windows-x86_64 | 1.1.0 | 9.00 | 107.00 | 116.00 | OK |
Version: 1.1.0
Check: Rd files
Result: NOTE
checkRd: (-1) dca.Rd:24: Lost braces; missing escapes or markup?
24 | \eqn{neglinks_{ij} = 1} means chunklet \code{i} and chunklet {j}
| ^
checkRd: (-1) dca.Rd:26: Lost braces; missing escapes or markup?
26 | \eqn{neglinks_{ij} = 0} means chunklet \code{i} and chunklet {j}
| ^
checkRd: (-1) rca.Rd:57: Lost braces; missing escapes or markup?
57 | e.g. {1, 3, 7} and {4, 6}, might belong to the
| ^
checkRd: (-1) rca.Rd:57: Lost braces; missing escapes or markup?
57 | e.g. {1, 3, 7} and {4, 6}, might belong to the
| ^
Flavors: r-devel-linux-x86_64-debian-clang, r-devel-linux-x86_64-debian-gcc, r-devel-linux-x86_64-fedora-clang, r-devel-linux-x86_64-fedora-gcc, r-devel-macos-arm64, r-devel-macos-x86_64, r-devel-windows-x86_64, r-patched-linux-x86_64, r-release-linux-x86_64, r-release-macos-arm64, r-release-macos-x86_64, r-release-windows-x86_64