Last updated on 2025-02-21 02:52:09 CET.
Flavor | Version | Tinstall | Tcheck | Ttotal | Status | Flags |
---|---|---|---|---|---|---|
r-devel-linux-x86_64-debian-clang | 0.1.0 | 2.45 | 28.68 | 31.13 | NOTE | |
r-devel-linux-x86_64-debian-gcc | 0.1.0 | 1.83 | 21.88 | 23.71 | NOTE | |
r-devel-linux-x86_64-fedora-clang | 0.1.0 | 50.06 | OK | |||
r-devel-linux-x86_64-fedora-gcc | 0.1.0 | 61.51 | OK | |||
r-devel-macos-arm64 | 0.1.0 | 28.00 | OK | |||
r-devel-macos-x86_64 | 0.1.0 | 48.00 | OK | |||
r-devel-windows-x86_64 | 0.1.0 | 7.00 | 49.00 | 56.00 | NOTE | |
r-patched-linux-x86_64 | 0.1.0 | 6.26 | 26.77 | 33.03 | OK | |
r-release-linux-x86_64 | 0.1.0 | 2.38 | 26.70 | 29.08 | OK | |
r-release-macos-arm64 | 0.1.0 | 26.00 | OK | |||
r-release-macos-x86_64 | 0.1.0 | 38.00 | OK | |||
r-release-windows-x86_64 | 0.1.0 | 7.00 | 49.00 | 56.00 | OK | |
r-oldrel-macos-arm64 | 0.1.0 | 26.00 | OK | |||
r-oldrel-macos-x86_64 | 0.1.0 | 42.00 | OK | |||
r-oldrel-windows-x86_64 | 0.1.0 | 7.00 | 84.00 | 91.00 | OK |
Version: 0.1.0
Check: Rd cross-references
Result: NOTE
Found the following Rd file(s) with Rd \link{} targets missing package
anchors:
tractography.Rd: rgl
Please provide package anchors for all Rd \link{} targets not in the
package itself and the base packages.
Flavors: r-devel-linux-x86_64-debian-clang, r-devel-linux-x86_64-debian-gcc, r-devel-windows-x86_64